{"id":1204,"date":"2020-10-23T11:03:09","date_gmt":"2020-10-23T09:03:09","guid":{"rendered":"http:\/\/edafoeduca.es\/?page_id=1204"},"modified":"2021-01-13T09:57:49","modified_gmt":"2021-01-13T08:57:49","slug":"i-concurso-de-perfiles-de-suelos-utilizando-la-herramienta-app-clima-eda-suelos","status":"publish","type":"page","link":"https:\/\/edafoeduca.es\/index.php\/i-concurso-de-perfiles-de-suelos-utilizando-la-herramienta-app-clima-eda-suelos\/","title":{"rendered":"I Concurso de perfiles de suelos utilizando la herramienta App clima-eda\/suelos"},"content":{"rendered":"\n<p><\/p>\n\n\n\n<p>En su significado tradicional, el suelo es el medio natural para el desarrollo de plantas terrestres. <\/p>\n\n\n\n<p>El suelo es un cuerpo natural que comprende s\u00f3lidos (minerales y materia org\u00e1nica), l\u00edquidos (soluci\u00f3n del suelo) y gases que ocurren en la superficie de las tierras, que ocupa un espacio y que se caracteriza por uno o ambos de los siguientes: horizontes o capas que se distinguen del material inicial como resultado de adiciones, p\u00e9rdidas, transferencias y transformaciones de energ\u00eda y materia o por la habilidad de soportar plantas en un ambiente natural (Soil Survey Staff, 1999).<\/p>\n\n\n\n<p>El suelo es un cuerpo natural tridimensional, que forma parte de un ecosistema, de ah\u00ed que se inicie su estudio en el lugar donde se encuentra el suelo que se quiera estudiar. <\/p>\n\n\n\n<p>El perfil del suelo es un corte vertical del terreno, que permite estudiar el suelo en su conjunto desde su superficie hasta el material originario. Al observar el perfil  se distinguen distintas capas denominadas horizontes. Esto horizontes presentan propiedades diferentes, como el color, la textura, la estructura, etc. La existencia de horizontes que no es un requisito imprescindible para que un material pueda considerarse que es un suelo.<\/p>\n\n\n\n<figure class=\"wp-block-gallery columns-1 is-cropped wp-block-gallery-1 is-layout-flex wp-block-gallery-is-layout-flex\"><ul class=\"blocks-gallery-grid\"><li class=\"blocks-gallery-item\"><figure><img decoding=\"async\" loading=\"lazy\" width=\"845\" height=\"708\" src=\"http:\/\/edafoeduca.es\/wp-content\/uploads\/2020\/10\/Concurso-App-Clima-Eda-Dia-Mundial-del-Suelo-2020-SLCS-UNIDA-SECS-UPV-1.jpg\" alt=\"\" data-id=\"1206\" data-full-url=\"http:\/\/edafoeduca.es\/wp-content\/uploads\/2020\/10\/Concurso-App-Clima-Eda-Dia-Mundial-del-Suelo-2020-SLCS-UNIDA-SECS-UPV-1.jpg\" data-link=\"http:\/\/edafoeduca.es\/?attachment_id=1206\" class=\"wp-image-1206\" srcset=\"https:\/\/edafoeduca.es\/wp-content\/uploads\/2020\/10\/Concurso-App-Clima-Eda-Dia-Mundial-del-Suelo-2020-SLCS-UNIDA-SECS-UPV-1.jpg 845w, https:\/\/edafoeduca.es\/wp-content\/uploads\/2020\/10\/Concurso-App-Clima-Eda-Dia-Mundial-del-Suelo-2020-SLCS-UNIDA-SECS-UPV-1-300x251.jpg 300w, https:\/\/edafoeduca.es\/wp-content\/uploads\/2020\/10\/Concurso-App-Clima-Eda-Dia-Mundial-del-Suelo-2020-SLCS-UNIDA-SECS-UPV-1-768x643.jpg 768w\" sizes=\"(max-width: 845px) 100vw, 845px\" \/><\/figure><\/li><\/ul><\/figure>\n\n\n\n<p class=\"has-text-align-left\">Tras la realizaci\u00f3n del concurso se presentaron 41 fotograf\u00edas de perfiles de suelos principalmente del territorio espa\u00f1ol y de latinoam\u00e9rica. Desde la Secci\u00f3n de Ense\u00f1anza del Suelo y Concienciaci\u00f3n Ciudadana queremos felicitar a todos los concursantes por su participaci\u00f3n y por los perfiles tan interesantes enviados a la aplicaci\u00f3n.<\/p>\n\n\n\n<p>El jurado ha decidido seleccionar dos fotograf\u00edas de perfiles de suelos uno espa\u00f1ol y otro de latinoam\u00e9rica para otorgar los diplomas acreditativos. El primero ha sido adjudicado a D. Ana Paula Conte Dom\u00ednguez, estudiante de Ciencias Ambientales del Campus de Huesca (Universidad de Zaragoza) y corresponde a un perfil de suelo de La Sotonera. Y el segundo fue adjudicado a D. Carlos Iv\u00e1n Bonilla Pascuas profesor de Ense\u00f1anzas medias de F\u00f3meque (provincia de Cundinamarca, Colombia).<\/p>\n\n\n\n<p>\u00a1\u00a1Felicidades a ambos!!<\/p>\n\n\n\n<p>Queremos agradecer a todos vuestra participaci\u00f3n y felicitaros por el inter\u00e9s mostrado y por la calidad de las fotograf\u00edas enviadas al concurso.<\/p>\n\n\n\n<p>Esperamos contar con vosotros en otras ocasiones y eventos.<\/p>\n\n\n\n<figure class=\"wp-block-image size-large\"><img decoding=\"async\" loading=\"lazy\" width=\"662\" height=\"1024\" src=\"http:\/\/edafoeduca.es\/wp-content\/uploads\/2021\/01\/Primer-Premio-nacional_Ana-Paula-Conte-662x1024.jpg\" alt=\"\" class=\"wp-image-1424\" srcset=\"https:\/\/edafoeduca.es\/wp-content\/uploads\/2021\/01\/Primer-Premio-nacional_Ana-Paula-Conte-662x1024.jpg 662w, https:\/\/edafoeduca.es\/wp-content\/uploads\/2021\/01\/Primer-Premio-nacional_Ana-Paula-Conte-194x300.jpg 194w, https:\/\/edafoeduca.es\/wp-content\/uploads\/2021\/01\/Primer-Premio-nacional_Ana-Paula-Conte.jpg 727w\" sizes=\"(max-width: 662px) 100vw, 662px\" \/><figcaption>Ana Paula Conte Dom\u00ednguez<\/figcaption><\/figure>\n\n\n\n<figure class=\"wp-block-image size-large\"><img decoding=\"async\" loading=\"lazy\" width=\"952\" height=\"714\" src=\"http:\/\/edafoeduca.es\/wp-content\/uploads\/2021\/01\/Primer-Premio-Internacional_Carlos-Ivan-Bonilla.jpg\" alt=\"\" class=\"wp-image-1425\" srcset=\"https:\/\/edafoeduca.es\/wp-content\/uploads\/2021\/01\/Primer-Premio-Internacional_Carlos-Ivan-Bonilla.jpg 952w, https:\/\/edafoeduca.es\/wp-content\/uploads\/2021\/01\/Primer-Premio-Internacional_Carlos-Ivan-Bonilla-300x225.jpg 300w, https:\/\/edafoeduca.es\/wp-content\/uploads\/2021\/01\/Primer-Premio-Internacional_Carlos-Ivan-Bonilla-768x576.jpg 768w\" sizes=\"(max-width: 952px) 100vw, 952px\" \/><figcaption>Carlos Iv\u00e1n Bonilla Pascuas<\/figcaption><\/figure>\n","protected":false},"excerpt":{"rendered":"<p>En su significado tradicional, el suelo es el medio natural para el desarrollo de plantas terrestres. El suelo es un cuerpo natural que comprende s\u00f3lidos (minerales y materia org\u00e1nica), l\u00edquidos (soluci\u00f3n del suelo) y gases que ocurren en la superficie &hellip; <a href=\"https:\/\/edafoeduca.es\/index.php\/i-concurso-de-perfiles-de-suelos-utilizando-la-herramienta-app-clima-eda-suelos\/\">Sigue leyendo <span class=\"meta-nav\">&rarr;<\/span><\/a><\/p>\n","protected":false},"author":1,"featured_media":0,"parent":0,"menu_order":0,"comment_status":"closed","ping_status":"closed","template":"","meta":{"footnotes":""},"yoast_head":"<!-- This site is optimized with the Yoast SEO plugin v20.4 - https:\/\/yoast.com\/wordpress\/plugins\/seo\/ -->\n<title>I Concurso de perfiles de suelos utilizando la herramienta App clima-eda\/suelos - Ense\u00f1anza en la Ciencia del Suelo<\/title>\n<meta name=\"robots\" content=\"index, follow, max-snippet:-1, max-image-preview:large, max-video-preview:-1\" \/>\n<link rel=\"canonical\" href=\"https:\/\/edafoeduca.es\/index.php\/i-concurso-de-perfiles-de-suelos-utilizando-la-herramienta-app-clima-eda-suelos\/\" \/>\n<meta property=\"og:locale\" content=\"es_ES\" \/>\n<meta property=\"og:type\" content=\"article\" \/>\n<meta property=\"og:title\" content=\"I Concurso de perfiles de suelos utilizando la herramienta App clima-eda\/suelos - Ense\u00f1anza en la Ciencia del Suelo\" \/>\n<meta property=\"og:description\" content=\"En su significado tradicional, el suelo es el medio natural para el desarrollo de plantas terrestres. El suelo es un cuerpo natural que comprende s\u00f3lidos (minerales y materia org\u00e1nica), l\u00edquidos (soluci\u00f3n del suelo) y gases que ocurren en la superficie &hellip; Sigue leyendo &rarr;\" \/>\n<meta property=\"og:url\" content=\"https:\/\/edafoeduca.es\/index.php\/i-concurso-de-perfiles-de-suelos-utilizando-la-herramienta-app-clima-eda-suelos\/\" \/>\n<meta property=\"og:site_name\" content=\"Ense\u00f1anza en la Ciencia del Suelo\" \/>\n<meta property=\"article:modified_time\" content=\"2021-01-13T08:57:49+00:00\" \/>\n<meta property=\"og:image\" content=\"http:\/\/edafoeduca.es\/wp-content\/uploads\/2020\/10\/Concurso-App-Clima-Eda-Dia-Mundial-del-Suelo-2020-SLCS-UNIDA-SECS-UPV-1.jpg\" \/>\n<meta name=\"twitter:card\" content=\"summary_large_image\" \/>\n<meta name=\"twitter:label1\" content=\"Tiempo de lectura\" \/>\n\t<meta name=\"twitter:data1\" content=\"2 minutos\" \/>\n<script type=\"application\/ld+json\" class=\"yoast-schema-graph\">{\"@context\":\"https:\/\/schema.org\",\"@graph\":[{\"@type\":\"WebPage\",\"@id\":\"https:\/\/edafoeduca.es\/index.php\/i-concurso-de-perfiles-de-suelos-utilizando-la-herramienta-app-clima-eda-suelos\/\",\"url\":\"https:\/\/edafoeduca.es\/index.php\/i-concurso-de-perfiles-de-suelos-utilizando-la-herramienta-app-clima-eda-suelos\/\",\"name\":\"I Concurso de perfiles de suelos utilizando la herramienta App clima-eda\/suelos - Ense\u00f1anza en la Ciencia del Suelo\",\"isPartOf\":{\"@id\":\"https:\/\/edafoeduca.es\/#website\"},\"datePublished\":\"2020-10-23T09:03:09+00:00\",\"dateModified\":\"2021-01-13T08:57:49+00:00\",\"breadcrumb\":{\"@id\":\"https:\/\/edafoeduca.es\/index.php\/i-concurso-de-perfiles-de-suelos-utilizando-la-herramienta-app-clima-eda-suelos\/#breadcrumb\"},\"inLanguage\":\"es\",\"potentialAction\":[{\"@type\":\"ReadAction\",\"target\":[\"https:\/\/edafoeduca.es\/index.php\/i-concurso-de-perfiles-de-suelos-utilizando-la-herramienta-app-clima-eda-suelos\/\"]}]},{\"@type\":\"BreadcrumbList\",\"@id\":\"https:\/\/edafoeduca.es\/index.php\/i-concurso-de-perfiles-de-suelos-utilizando-la-herramienta-app-clima-eda-suelos\/#breadcrumb\",\"itemListElement\":[{\"@type\":\"ListItem\",\"position\":1,\"name\":\"Portada\",\"item\":\"https:\/\/edafoeduca.es\/\"},{\"@type\":\"ListItem\",\"position\":2,\"name\":\"I Concurso de perfiles de suelos utilizando la herramienta App clima-eda\/suelos\"}]},{\"@type\":\"WebSite\",\"@id\":\"https:\/\/edafoeduca.es\/#website\",\"url\":\"https:\/\/edafoeduca.es\/\",\"name\":\"Ense\u00f1anza en la Ciencia del Suelo\",\"description\":\"Edafoeduca_SECS\",\"potentialAction\":[{\"@type\":\"SearchAction\",\"target\":{\"@type\":\"EntryPoint\",\"urlTemplate\":\"https:\/\/edafoeduca.es\/?s={search_term_string}\"},\"query-input\":\"required name=search_term_string\"}],\"inLanguage\":\"es\"}]}<\/script>\n<!-- \/ Yoast SEO plugin. -->","yoast_head_json":{"title":"I Concurso de perfiles de suelos utilizando la herramienta App clima-eda\/suelos - Ense\u00f1anza en la Ciencia del Suelo","robots":{"index":"index","follow":"follow","max-snippet":"max-snippet:-1","max-image-preview":"max-image-preview:large","max-video-preview":"max-video-preview:-1"},"canonical":"https:\/\/edafoeduca.es\/index.php\/i-concurso-de-perfiles-de-suelos-utilizando-la-herramienta-app-clima-eda-suelos\/","og_locale":"es_ES","og_type":"article","og_title":"I Concurso de perfiles de suelos utilizando la herramienta App clima-eda\/suelos - Ense\u00f1anza en la Ciencia del Suelo","og_description":"En su significado tradicional, el suelo es el medio natural para el desarrollo de plantas terrestres. El suelo es un cuerpo natural que comprende s\u00f3lidos (minerales y materia org\u00e1nica), l\u00edquidos (soluci\u00f3n del suelo) y gases que ocurren en la superficie &hellip; Sigue leyendo &rarr;","og_url":"https:\/\/edafoeduca.es\/index.php\/i-concurso-de-perfiles-de-suelos-utilizando-la-herramienta-app-clima-eda-suelos\/","og_site_name":"Ense\u00f1anza en la Ciencia del Suelo","article_modified_time":"2021-01-13T08:57:49+00:00","og_image":[{"url":"http:\/\/edafoeduca.es\/wp-content\/uploads\/2020\/10\/Concurso-App-Clima-Eda-Dia-Mundial-del-Suelo-2020-SLCS-UNIDA-SECS-UPV-1.jpg"}],"twitter_card":"summary_large_image","twitter_misc":{"Tiempo de lectura":"2 minutos"},"schema":{"@context":"https:\/\/schema.org","@graph":[{"@type":"WebPage","@id":"https:\/\/edafoeduca.es\/index.php\/i-concurso-de-perfiles-de-suelos-utilizando-la-herramienta-app-clima-eda-suelos\/","url":"https:\/\/edafoeduca.es\/index.php\/i-concurso-de-perfiles-de-suelos-utilizando-la-herramienta-app-clima-eda-suelos\/","name":"I Concurso de perfiles de suelos utilizando la herramienta App clima-eda\/suelos - Ense\u00f1anza en la Ciencia del Suelo","isPartOf":{"@id":"https:\/\/edafoeduca.es\/#website"},"datePublished":"2020-10-23T09:03:09+00:00","dateModified":"2021-01-13T08:57:49+00:00","breadcrumb":{"@id":"https:\/\/edafoeduca.es\/index.php\/i-concurso-de-perfiles-de-suelos-utilizando-la-herramienta-app-clima-eda-suelos\/#breadcrumb"},"inLanguage":"es","potentialAction":[{"@type":"ReadAction","target":["https:\/\/edafoeduca.es\/index.php\/i-concurso-de-perfiles-de-suelos-utilizando-la-herramienta-app-clima-eda-suelos\/"]}]},{"@type":"BreadcrumbList","@id":"https:\/\/edafoeduca.es\/index.php\/i-concurso-de-perfiles-de-suelos-utilizando-la-herramienta-app-clima-eda-suelos\/#breadcrumb","itemListElement":[{"@type":"ListItem","position":1,"name":"Portada","item":"https:\/\/edafoeduca.es\/"},{"@type":"ListItem","position":2,"name":"I Concurso de perfiles de suelos utilizando la herramienta App clima-eda\/suelos"}]},{"@type":"WebSite","@id":"https:\/\/edafoeduca.es\/#website","url":"https:\/\/edafoeduca.es\/","name":"Ense\u00f1anza en la Ciencia del Suelo","description":"Edafoeduca_SECS","potentialAction":[{"@type":"SearchAction","target":{"@type":"EntryPoint","urlTemplate":"https:\/\/edafoeduca.es\/?s={search_term_string}"},"query-input":"required name=search_term_string"}],"inLanguage":"es"}]}},"_links":{"self":[{"href":"https:\/\/edafoeduca.es\/index.php\/wp-json\/wp\/v2\/pages\/1204"}],"collection":[{"href":"https:\/\/edafoeduca.es\/index.php\/wp-json\/wp\/v2\/pages"}],"about":[{"href":"https:\/\/edafoeduca.es\/index.php\/wp-json\/wp\/v2\/types\/page"}],"author":[{"embeddable":true,"href":"https:\/\/edafoeduca.es\/index.php\/wp-json\/wp\/v2\/users\/1"}],"replies":[{"embeddable":true,"href":"https:\/\/edafoeduca.es\/index.php\/wp-json\/wp\/v2\/comments?post=1204"}],"version-history":[{"count":3,"href":"https:\/\/edafoeduca.es\/index.php\/wp-json\/wp\/v2\/pages\/1204\/revisions"}],"predecessor-version":[{"id":1427,"href":"https:\/\/edafoeduca.es\/index.php\/wp-json\/wp\/v2\/pages\/1204\/revisions\/1427"}],"wp:attachment":[{"href":"https:\/\/edafoeduca.es\/index.php\/wp-json\/wp\/v2\/media?parent=1204"}],"curies":[{"name":"wp","href":"https:\/\/api.w.org\/{rel}","templated":true}]}}