{"id":1445,"date":"2021-04-28T22:53:06","date_gmt":"2021-04-28T20:53:06","guid":{"rendered":"http:\/\/edafoeduca.es\/?page_id=1445"},"modified":"2021-04-28T22:53:07","modified_gmt":"2021-04-28T20:53:07","slug":"jornada-efecto-del-manejo-del-suelo-sobre-las-propiedades-biologicas-del-suelo-y-la-biodiversidad-edafica-abril-2021","status":"publish","type":"page","link":"https:\/\/edafoeduca.es\/index.php\/jornada-efecto-del-manejo-del-suelo-sobre-las-propiedades-biologicas-del-suelo-y-la-biodiversidad-edafica-abril-2021\/","title":{"rendered":"Jornada \u00abEfecto del manejo del suelo sobre las propiedades biol\u00f3gicas del suelo y la biodiversidad ed\u00e1fica\u00bb (Abril 2021)"},"content":{"rendered":"\n<div class=\"wp-block-image\"><figure class=\"aligncenter size-large\"><img decoding=\"async\" loading=\"lazy\" width=\"474\" height=\"686\" src=\"http:\/\/edafoeduca.es\/wp-content\/uploads\/2021\/04\/Jornada-Manejo-Prop-Biologicas-Suelo-29-Abril-2021-1.jpg\" alt=\"\" class=\"wp-image-1448\" srcset=\"https:\/\/edafoeduca.es\/wp-content\/uploads\/2021\/04\/Jornada-Manejo-Prop-Biologicas-Suelo-29-Abril-2021-1.jpg 474w, https:\/\/edafoeduca.es\/wp-content\/uploads\/2021\/04\/Jornada-Manejo-Prop-Biologicas-Suelo-29-Abril-2021-1-207x300.jpg 207w\" sizes=\"(max-width: 474px) 100vw, 474px\" \/><\/figure><\/div>\n","protected":false},"excerpt":{"rendered":"","protected":false},"author":1,"featured_media":0,"parent":0,"menu_order":0,"comment_status":"closed","ping_status":"closed","template":"","meta":{"footnotes":""},"yoast_head":"<!-- This site is optimized with the Yoast SEO plugin v20.4 - https:\/\/yoast.com\/wordpress\/plugins\/seo\/ -->\n<title>Jornada &quot;Efecto del manejo del suelo sobre las propiedades biol\u00f3gicas del suelo y la biodiversidad ed\u00e1fica&quot; (Abril 2021) - Ense\u00f1anza en la Ciencia del Suelo<\/title>\n<meta name=\"robots\" content=\"index, follow, max-snippet:-1, max-image-preview:large, max-video-preview:-1\" \/>\n<link rel=\"canonical\" href=\"https:\/\/edafoeduca.es\/index.php\/jornada-efecto-del-manejo-del-suelo-sobre-las-propiedades-biologicas-del-suelo-y-la-biodiversidad-edafica-abril-2021\/\" \/>\n<meta property=\"og:locale\" content=\"es_ES\" \/>\n<meta property=\"og:type\" content=\"article\" \/>\n<meta property=\"og:title\" content=\"Jornada &quot;Efecto del manejo del suelo sobre las propiedades biol\u00f3gicas del suelo y la biodiversidad ed\u00e1fica&quot; (Abril 2021) - Ense\u00f1anza en la Ciencia del Suelo\" \/>\n<meta property=\"og:url\" content=\"https:\/\/edafoeduca.es\/index.php\/jornada-efecto-del-manejo-del-suelo-sobre-las-propiedades-biologicas-del-suelo-y-la-biodiversidad-edafica-abril-2021\/\" \/>\n<meta property=\"og:site_name\" content=\"Ense\u00f1anza en la Ciencia del Suelo\" \/>\n<meta property=\"article:modified_time\" content=\"2021-04-28T20:53:07+00:00\" \/>\n<meta property=\"og:image\" content=\"http:\/\/edafoeduca.es\/wp-content\/uploads\/2021\/04\/Jornada-Manejo-Prop-Biologicas-Suelo-29-Abril-2021-1.jpg\" \/>\n<meta name=\"twitter:card\" content=\"summary_large_image\" \/>\n<script type=\"application\/ld+json\" class=\"yoast-schema-graph\">{\"@context\":\"https:\/\/schema.org\",\"@graph\":[{\"@type\":\"WebPage\",\"@id\":\"https:\/\/edafoeduca.es\/index.php\/jornada-efecto-del-manejo-del-suelo-sobre-las-propiedades-biologicas-del-suelo-y-la-biodiversidad-edafica-abril-2021\/\",\"url\":\"https:\/\/edafoeduca.es\/index.php\/jornada-efecto-del-manejo-del-suelo-sobre-las-propiedades-biologicas-del-suelo-y-la-biodiversidad-edafica-abril-2021\/\",\"name\":\"Jornada \\\"Efecto del manejo del suelo sobre las propiedades biol\u00f3gicas del suelo y la biodiversidad ed\u00e1fica\\\" (Abril 2021) - Ense\u00f1anza en la Ciencia del Suelo\",\"isPartOf\":{\"@id\":\"https:\/\/edafoeduca.es\/#website\"},\"datePublished\":\"2021-04-28T20:53:06+00:00\",\"dateModified\":\"2021-04-28T20:53:07+00:00\",\"breadcrumb\":{\"@id\":\"https:\/\/edafoeduca.es\/index.php\/jornada-efecto-del-manejo-del-suelo-sobre-las-propiedades-biologicas-del-suelo-y-la-biodiversidad-edafica-abril-2021\/#breadcrumb\"},\"inLanguage\":\"es\",\"potentialAction\":[{\"@type\":\"ReadAction\",\"target\":[\"https:\/\/edafoeduca.es\/index.php\/jornada-efecto-del-manejo-del-suelo-sobre-las-propiedades-biologicas-del-suelo-y-la-biodiversidad-edafica-abril-2021\/\"]}]},{\"@type\":\"BreadcrumbList\",\"@id\":\"https:\/\/edafoeduca.es\/index.php\/jornada-efecto-del-manejo-del-suelo-sobre-las-propiedades-biologicas-del-suelo-y-la-biodiversidad-edafica-abril-2021\/#breadcrumb\",\"itemListElement\":[{\"@type\":\"ListItem\",\"position\":1,\"name\":\"Portada\",\"item\":\"https:\/\/edafoeduca.es\/\"},{\"@type\":\"ListItem\",\"position\":2,\"name\":\"Jornada \u00abEfecto del manejo del suelo sobre las propiedades biol\u00f3gicas del suelo y la biodiversidad ed\u00e1fica\u00bb (Abril 2021)\"}]},{\"@type\":\"WebSite\",\"@id\":\"https:\/\/edafoeduca.es\/#website\",\"url\":\"https:\/\/edafoeduca.es\/\",\"name\":\"Ense\u00f1anza en la Ciencia del Suelo\",\"description\":\"Edafoeduca_SECS\",\"potentialAction\":[{\"@type\":\"SearchAction\",\"target\":{\"@type\":\"EntryPoint\",\"urlTemplate\":\"https:\/\/edafoeduca.es\/?s={search_term_string}\"},\"query-input\":\"required name=search_term_string\"}],\"inLanguage\":\"es\"}]}<\/script>\n<!-- \/ Yoast SEO plugin. -->","yoast_head_json":{"title":"Jornada \"Efecto del manejo del suelo sobre las propiedades biol\u00f3gicas del suelo y la biodiversidad ed\u00e1fica\" (Abril 2021) - Ense\u00f1anza en la Ciencia del Suelo","robots":{"index":"index","follow":"follow","max-snippet":"max-snippet:-1","max-image-preview":"max-image-preview:large","max-video-preview":"max-video-preview:-1"},"canonical":"https:\/\/edafoeduca.es\/index.php\/jornada-efecto-del-manejo-del-suelo-sobre-las-propiedades-biologicas-del-suelo-y-la-biodiversidad-edafica-abril-2021\/","og_locale":"es_ES","og_type":"article","og_title":"Jornada \"Efecto del manejo del suelo sobre las propiedades biol\u00f3gicas del suelo y la biodiversidad ed\u00e1fica\" (Abril 2021) - Ense\u00f1anza en la Ciencia del Suelo","og_url":"https:\/\/edafoeduca.es\/index.php\/jornada-efecto-del-manejo-del-suelo-sobre-las-propiedades-biologicas-del-suelo-y-la-biodiversidad-edafica-abril-2021\/","og_site_name":"Ense\u00f1anza en la Ciencia del Suelo","article_modified_time":"2021-04-28T20:53:07+00:00","og_image":[{"url":"http:\/\/edafoeduca.es\/wp-content\/uploads\/2021\/04\/Jornada-Manejo-Prop-Biologicas-Suelo-29-Abril-2021-1.jpg"}],"twitter_card":"summary_large_image","schema":{"@context":"https:\/\/schema.org","@graph":[{"@type":"WebPage","@id":"https:\/\/edafoeduca.es\/index.php\/jornada-efecto-del-manejo-del-suelo-sobre-las-propiedades-biologicas-del-suelo-y-la-biodiversidad-edafica-abril-2021\/","url":"https:\/\/edafoeduca.es\/index.php\/jornada-efecto-del-manejo-del-suelo-sobre-las-propiedades-biologicas-del-suelo-y-la-biodiversidad-edafica-abril-2021\/","name":"Jornada \"Efecto del manejo del suelo sobre las propiedades biol\u00f3gicas del suelo y la biodiversidad ed\u00e1fica\" (Abril 2021) - Ense\u00f1anza en la Ciencia del Suelo","isPartOf":{"@id":"https:\/\/edafoeduca.es\/#website"},"datePublished":"2021-04-28T20:53:06+00:00","dateModified":"2021-04-28T20:53:07+00:00","breadcrumb":{"@id":"https:\/\/edafoeduca.es\/index.php\/jornada-efecto-del-manejo-del-suelo-sobre-las-propiedades-biologicas-del-suelo-y-la-biodiversidad-edafica-abril-2021\/#breadcrumb"},"inLanguage":"es","potentialAction":[{"@type":"ReadAction","target":["https:\/\/edafoeduca.es\/index.php\/jornada-efecto-del-manejo-del-suelo-sobre-las-propiedades-biologicas-del-suelo-y-la-biodiversidad-edafica-abril-2021\/"]}]},{"@type":"BreadcrumbList","@id":"https:\/\/edafoeduca.es\/index.php\/jornada-efecto-del-manejo-del-suelo-sobre-las-propiedades-biologicas-del-suelo-y-la-biodiversidad-edafica-abril-2021\/#breadcrumb","itemListElement":[{"@type":"ListItem","position":1,"name":"Portada","item":"https:\/\/edafoeduca.es\/"},{"@type":"ListItem","position":2,"name":"Jornada \u00abEfecto del manejo del suelo sobre las propiedades biol\u00f3gicas del suelo y la biodiversidad ed\u00e1fica\u00bb (Abril 2021)"}]},{"@type":"WebSite","@id":"https:\/\/edafoeduca.es\/#website","url":"https:\/\/edafoeduca.es\/","name":"Ense\u00f1anza en la Ciencia del Suelo","description":"Edafoeduca_SECS","potentialAction":[{"@type":"SearchAction","target":{"@type":"EntryPoint","urlTemplate":"https:\/\/edafoeduca.es\/?s={search_term_string}"},"query-input":"required name=search_term_string"}],"inLanguage":"es"}]}},"_links":{"self":[{"href":"https:\/\/edafoeduca.es\/index.php\/wp-json\/wp\/v2\/pages\/1445"}],"collection":[{"href":"https:\/\/edafoeduca.es\/index.php\/wp-json\/wp\/v2\/pages"}],"about":[{"href":"https:\/\/edafoeduca.es\/index.php\/wp-json\/wp\/v2\/types\/page"}],"author":[{"embeddable":true,"href":"https:\/\/edafoeduca.es\/index.php\/wp-json\/wp\/v2\/users\/1"}],"replies":[{"embeddable":true,"href":"https:\/\/edafoeduca.es\/index.php\/wp-json\/wp\/v2\/comments?post=1445"}],"version-history":[{"count":1,"href":"https:\/\/edafoeduca.es\/index.php\/wp-json\/wp\/v2\/pages\/1445\/revisions"}],"predecessor-version":[{"id":1449,"href":"https:\/\/edafoeduca.es\/index.php\/wp-json\/wp\/v2\/pages\/1445\/revisions\/1449"}],"wp:attachment":[{"href":"https:\/\/edafoeduca.es\/index.php\/wp-json\/wp\/v2\/media?parent=1445"}],"curies":[{"name":"wp","href":"https:\/\/api.w.org\/{rel}","templated":true}]}}

Jornada «Efecto del manejo del suelo sobre las propiedades biológicas del suelo y la biodiversidad edáfica» (Abril 2021)

<!-- This site is optimized with the Yoast SEO plugin v20.4 - https://yoast.com/wordpress/plugins/seo/ -->
<title>Jornada &quot;Efecto del manejo del suelo sobre las propiedades biológicas del suelo y la biodiversidad edáfica&quot; (Abril 2021) - Enseñanza en la Ciencia del Suelo</title>
<meta name="robots" content="index, follow, max-snippet:-1, max-image-preview:large, max-video-preview:-1" />
<link rel="canonical" href="https://edafoeduca.es/index.php/jornada-efecto-del-manejo-del-suelo-sobre-las-propiedades-biologicas-del-suelo-y-la-biodiversidad-edafica-abril-2021/" />
<meta property="og:locale" content="es_ES" />
<meta property="og:type" content="article" />
<meta property="og:title" content="Jornada &quot;Efecto del manejo del suelo sobre las propiedades biológicas del suelo y la biodiversidad edáfica&quot; (Abril 2021) - Enseñanza en la Ciencia del Suelo" />
<meta property="og:url" content="https://edafoeduca.es/index.php/jornada-efecto-del-manejo-del-suelo-sobre-las-propiedades-biologicas-del-suelo-y-la-biodiversidad-edafica-abril-2021/" />
<meta property="og:site_name" content="Enseñanza en la Ciencia del Suelo" />
<meta property="article:modified_time" content="2021-04-28T20:53:07+00:00" />
<meta property="og:image" content="http://edafoeduca.es/wp-content/uploads/2021/04/Jornada-Manejo-Prop-Biologicas-Suelo-29-Abril-2021-1.jpg" />
<meta name="twitter:card" content="summary_large_image" />
<script type="application/ld+json" class="yoast-schema-graph">{"@context":"https://schema.org","@graph":[{"@type":"WebPage","@id":"https://edafoeduca.es/index.php/jornada-efecto-del-manejo-del-suelo-sobre-las-propiedades-biologicas-del-suelo-y-la-biodiversidad-edafica-abril-2021/","url":"https://edafoeduca.es/index.php/jornada-efecto-del-manejo-del-suelo-sobre-las-propiedades-biologicas-del-suelo-y-la-biodiversidad-edafica-abril-2021/","name":"Jornada \"Efecto del manejo del suelo sobre las propiedades biológicas del suelo y la biodiversidad edáfica\" (Abril 2021) - Enseñanza en la Ciencia del Suelo","isPartOf":{"@id":"https://edafoeduca.es/#website"},"datePublished":"2021-04-28T20:53:06+00:00","dateModified":"2021-04-28T20:53:07+00:00","breadcrumb":{"@id":"https://edafoeduca.es/index.php/jornada-efecto-del-manejo-del-suelo-sobre-las-propiedades-biologicas-del-suelo-y-la-biodiversidad-edafica-abril-2021/#breadcrumb"},"inLanguage":"es","potentialAction":[{"@type":"ReadAction","target":["https://edafoeduca.es/index.php/jornada-efecto-del-manejo-del-suelo-sobre-las-propiedades-biologicas-del-suelo-y-la-biodiversidad-edafica-abril-2021/"]}]},{"@type":"BreadcrumbList","@id":"https://edafoeduca.es/index.php/jornada-efecto-del-manejo-del-suelo-sobre-las-propiedades-biologicas-del-suelo-y-la-biodiversidad-edafica-abril-2021/#breadcrumb","itemListElement":[{"@type":"ListItem","position":1,"name":"Portada","item":"https://edafoeduca.es/"},{"@type":"ListItem","position":2,"name":"Jornada «Efecto del manejo del suelo sobre las propiedades biológicas del suelo y la biodiversidad edáfica» (Abril 2021)"}]},{"@type":"WebSite","@id":"https://edafoeduca.es/#website","url":"https://edafoeduca.es/","name":"Enseñanza en la Ciencia del Suelo","description":"Edafoeduca_SECS","potentialAction":[{"@type":"SearchAction","target":{"@type":"EntryPoint","urlTemplate":"https://edafoeduca.es/?s={search_term_string}"},"query-input":"required name=search_term_string"}],"inLanguage":"es"}]}</script>
<!-- / Yoast SEO plugin. -->

Jornada "Efecto del manejo del suelo sobre las propiedades biológicas del suelo y la biodiversidad edáfica" (Abril 2021) - Enseñanza en la Ciencia del Suelo

Enseñanza en la Ciencia del Suelo
