{"id":346,"date":"2018-05-09T11:19:24","date_gmt":"2018-05-09T09:19:24","guid":{"rendered":"http:\/\/edafoeduca.es\/?page_id=346"},"modified":"2019-10-27T19:22:10","modified_gmt":"2019-10-27T18:22:10","slug":"be-the-solution-to-soil-pollution","status":"publish","type":"page","link":"https:\/\/edafoeduca.es\/index.php\/be-the-solution-to-soil-pollution\/","title":{"rendered":"Se la soluci\u00f3n a la contaminaci\u00f3n del suelo!"},"content":{"rendered":"<p style=\"text-align: justify;\">Un suelo contaminado es\u00a0 aquel cuyas caracter\u00edsticas han sido alteradas negativamente debido a componentes qu\u00edmicos o biol\u00f3gicos que son peligrosos, dichos suelos comportan un riesgo inaceptable para la salud humana o el medio ambiente. La contaminaci\u00f3n de los suelos suele darse como consecuencia de actividades humanas. Un suelo puede contaminarse debido a actividades industriales, agr\u00edcolas, ganaderas, mineras, etc.<\/p>\n<p style=\"text-align: justify;\">La contaminaci\u00f3n de los suelos puede provocar la p\u00e9rdida parcial o total de la productividad del suelo como consecuencia de la acumulaci\u00f3n de sustancias t\u00f3xicas en unas concentraciones que superan el poder de amortiguaci\u00f3n natural del suelo y que modifican negativamente sus propiedades. El problema se agrava cuando la contaminaci\u00f3n de los suelos conlleva a la contaminaci\u00f3n cruzada del agua.<\/p>\n<p style=\"text-align: justify;\">La Sociedad Espa\u00f1ola de la Ciencia del Suelo, junto con la Escuela T\u00e9cnica Superior de Ingenier\u00eda Agron\u00f3mica y del Medio Natural (Universitat Polit\u00e8cnica de Val\u00e8ncia) y la Universitat de Val\u00e8ncia organiz\u00f3 una Conferencia para celebrar el D\u00eda Mundial del Suelo (5 de diciembre). La Conferencia \u00abSuelos y residuos: implicaciones para la econom\u00eda circular y la minimizaci\u00f3n del cambio clim\u00e1tico\u00bb fue impartida por el Dr. Rafael Boluda Hern\u00e1ndez (Catedr\u00e1tico de Edafolog\u00eda y Qu\u00edmica agr\u00edcola de la Universitat de Val\u00e8ncia).<\/p>\n<p style=\"text-align: justify;\">Esta conferencia abre el ciclo de conferencias relacionadas con el suelo que se celebraran en la Universitat Polit\u00e8cnica de Val\u00e8ncia con la finalidad de potenciar los conocimientos del alumnado sobre suelo y aspectos relacionados.<\/p>\n<p><img decoding=\"async\" loading=\"lazy\" class=\"aligncenter size-large wp-image-529\" src=\"http:\/\/edafoeduca.es\/wp-content\/uploads\/2018\/12\/Dia-Mundial-Suelo_Rafa-Boluda-505122018-1024x572.jpg\" alt=\"\" width=\"640\" height=\"358\" srcset=\"https:\/\/edafoeduca.es\/wp-content\/uploads\/2018\/12\/Dia-Mundial-Suelo_Rafa-Boluda-505122018-1024x572.jpg 1024w, https:\/\/edafoeduca.es\/wp-content\/uploads\/2018\/12\/Dia-Mundial-Suelo_Rafa-Boluda-505122018-300x168.jpg 300w, https:\/\/edafoeduca.es\/wp-content\/uploads\/2018\/12\/Dia-Mundial-Suelo_Rafa-Boluda-505122018-768x429.jpg 768w, https:\/\/edafoeduca.es\/wp-content\/uploads\/2018\/12\/Dia-Mundial-Suelo_Rafa-Boluda-505122018.jpg 1420w\" sizes=\"(max-width: 640px) 100vw, 640px\" \/><\/p>\n<p style=\"text-align: justify;\">El Dr. Boluda trat\u00f3 tanto de la importancia del suelo como recurso natural, como de su papel en la econom\u00eda circular. Destac\u00f3 el suelo como fijador de CO<sub>2<\/sub> y su importancia en la mitigaci\u00f3n del cambio clim\u00e1tico. Enfatiz\u00f3 la importancia de la transformaci\u00f3n de residuos s\u00f3lidos urbanos en recursos para la agricultura, siempre que dichos residuos sufran los tratamientos adecuados para evitar problemas en la salud y medioambientales. Hizo hincapi\u00e9 en la aplicaci\u00f3n de compost en los campos agr\u00edcolas aportando materia org\u00e1nica y elevando la fertilidad de los suelos.<\/p>\n<p><img decoding=\"async\" loading=\"lazy\" class=\"aligncenter size-large wp-image-530\" src=\"http:\/\/edafoeduca.es\/wp-content\/uploads\/2018\/12\/Dia-Mundial-Suelo_Rafa-Boluda-B-505122018-1024x381.jpg\" alt=\"\" width=\"640\" height=\"238\" srcset=\"https:\/\/edafoeduca.es\/wp-content\/uploads\/2018\/12\/Dia-Mundial-Suelo_Rafa-Boluda-B-505122018-1024x381.jpg 1024w, https:\/\/edafoeduca.es\/wp-content\/uploads\/2018\/12\/Dia-Mundial-Suelo_Rafa-Boluda-B-505122018-300x111.jpg 300w, https:\/\/edafoeduca.es\/wp-content\/uploads\/2018\/12\/Dia-Mundial-Suelo_Rafa-Boluda-B-505122018-768x285.jpg 768w\" sizes=\"(max-width: 640px) 100vw, 640px\" \/><\/p>\n<p style=\"text-align: justify;\">Los alumnos del Grado de Ciencias Ambientales de la Escuela Polit\u00e9cnica Superior de Gand\u00eda (Universitat Polit\u00e8cnica de Val\u00e8ncia) han preparado material para concienciarnos del grave problema de la contaminaci\u00f3n de los suelos.<\/p>\n<p><a href=\"http:\/\/edafoeduca.es\/wp-content\/uploads\/2018\/07\/Trabajo-suelos_Ainoha-GamonComprimido.mp4\"><img decoding=\"async\" loading=\"lazy\" class=\"aligncenter size-large wp-image-413\" src=\"http:\/\/edafoeduca.es\/wp-content\/uploads\/2018\/07\/Ainoha-Contaminacion-Suelo-Soil-Contamination-1-1024x483.jpg\" alt=\"\" width=\"640\" height=\"302\" srcset=\"https:\/\/edafoeduca.es\/wp-content\/uploads\/2018\/07\/Ainoha-Contaminacion-Suelo-Soil-Contamination-1-1024x483.jpg 1024w, https:\/\/edafoeduca.es\/wp-content\/uploads\/2018\/07\/Ainoha-Contaminacion-Suelo-Soil-Contamination-1-300x142.jpg 300w, https:\/\/edafoeduca.es\/wp-content\/uploads\/2018\/07\/Ainoha-Contaminacion-Suelo-Soil-Contamination-1-768x363.jpg 768w, https:\/\/edafoeduca.es\/wp-content\/uploads\/2018\/07\/Ainoha-Contaminacion-Suelo-Soil-Contamination-1.bmp 1650w\" sizes=\"(max-width: 640px) 100vw, 640px\" \/><\/a><\/p>\n<p><a href=\"http:\/\/edafoeduca.es\/wp-content\/uploads\/2018\/07\/S\u00e9-un-superh\u00e9roe-Contaminacion-suelos-Soil-Contamination.mp4\"><img decoding=\"async\" loading=\"lazy\" class=\"aligncenter size-large wp-image-414\" src=\"http:\/\/edafoeduca.es\/wp-content\/uploads\/2018\/07\/Andrea-Oliver-Contaminacion-Suelo-Soil-Contamination-1024x576.jpg\" alt=\"\" width=\"640\" height=\"360\" srcset=\"https:\/\/edafoeduca.es\/wp-content\/uploads\/2018\/07\/Andrea-Oliver-Contaminacion-Suelo-Soil-Contamination-1024x576.jpg 1024w, https:\/\/edafoeduca.es\/wp-content\/uploads\/2018\/07\/Andrea-Oliver-Contaminacion-Suelo-Soil-Contamination-300x169.jpg 300w, https:\/\/edafoeduca.es\/wp-content\/uploads\/2018\/07\/Andrea-Oliver-Contaminacion-Suelo-Soil-Contamination-768x432.jpg 768w, https:\/\/edafoeduca.es\/wp-content\/uploads\/2018\/07\/Andrea-Oliver-Contaminacion-Suelo-Soil-Contamination.bmp 1473w\" sizes=\"(max-width: 640px) 100vw, 640px\" \/><\/a><\/p>\n<p><a href=\"http:\/\/edafoeduca.es\/wp-content\/uploads\/2018\/07\/Taller-Ni\u00f1os-Suelos-Limpios_Antequera-Gil-Junio-2018.pdf\"><img decoding=\"async\" loading=\"lazy\" class=\"aligncenter size-full wp-image-399\" src=\"http:\/\/edafoeduca.es\/wp-content\/uploads\/2018\/07\/Taller-Ni\u00f1osSuelos-Limpios.bmp\" alt=\"\" width=\"761\" height=\"448\" srcset=\"https:\/\/edafoeduca.es\/wp-content\/uploads\/2018\/07\/Taller-Ni\u00f1osSuelos-Limpios.bmp 761w, https:\/\/edafoeduca.es\/wp-content\/uploads\/2018\/07\/Taller-Ni\u00f1osSuelos-Limpios-300x177.jpg 300w\" sizes=\"(max-width: 761px) 100vw, 761px\" \/><\/a><div class=\"gca-column one-half first\"><a href=\"http:\/\/edafoeduca.es\/wp-content\/uploads\/2018\/07\/Galdon_Poster-2018-JPG.jpg\"><img decoding=\"async\" loading=\"lazy\" class=\"aligncenter size-large wp-image-401\" src=\"http:\/\/edafoeduca.es\/wp-content\/uploads\/2018\/07\/Galdon_Poster-2018-JPG-724x1024.jpg\" alt=\"\" width=\"640\" height=\"905\" srcset=\"https:\/\/edafoeduca.es\/wp-content\/uploads\/2018\/07\/Galdon_Poster-2018-JPG-724x1024.jpg 724w, https:\/\/edafoeduca.es\/wp-content\/uploads\/2018\/07\/Galdon_Poster-2018-JPG-212x300.jpg 212w, https:\/\/edafoeduca.es\/wp-content\/uploads\/2018\/07\/Galdon_Poster-2018-JPG-768x1086.jpg 768w, https:\/\/edafoeduca.es\/wp-content\/uploads\/2018\/07\/Galdon_Poster-2018-JPG.jpg 1588w\" sizes=\"(max-width: 640px) 100vw, 640px\" \/><\/a><\/div>\n<div class=\"gca-column one-half\"><a href=\"http:\/\/edafoeduca.es\/wp-content\/uploads\/2018\/07\/Contaminacion-Suelo-Carolina-Marquez.bmp\"><img decoding=\"async\" loading=\"lazy\" class=\"aligncenter size-large wp-image-404\" src=\"http:\/\/edafoeduca.es\/wp-content\/uploads\/2018\/07\/Contaminacion-Suelo-Carolina-Marquez.bmp\" alt=\"\" width=\"624\" height=\"902\" srcset=\"https:\/\/edafoeduca.es\/wp-content\/uploads\/2018\/07\/Contaminacion-Suelo-Carolina-Marquez.bmp 624w, https:\/\/edafoeduca.es\/wp-content\/uploads\/2018\/07\/Contaminacion-Suelo-Carolina-Marquez-208x300.jpg 208w\" sizes=\"(max-width: 624px) 100vw, 624px\" \/><\/a><\/div>\n<p><img decoding=\"async\" loading=\"lazy\" class=\"aligncenter size-large wp-image-418\" src=\"http:\/\/edafoeduca.es\/wp-content\/uploads\/2018\/07\/Contaminacion-Suelo-Soil-Contamination-1024x648.jpg\" alt=\"\" width=\"640\" height=\"405\" srcset=\"https:\/\/edafoeduca.es\/wp-content\/uploads\/2018\/07\/Contaminacion-Suelo-Soil-Contamination-1024x648.jpg 1024w, https:\/\/edafoeduca.es\/wp-content\/uploads\/2018\/07\/Contaminacion-Suelo-Soil-Contamination-300x190.jpg 300w, https:\/\/edafoeduca.es\/wp-content\/uploads\/2018\/07\/Contaminacion-Suelo-Soil-Contamination-768x486.jpg 768w\" sizes=\"(max-width: 640px) 100vw, 640px\" \/><\/p>\n<p style=\"text-align: justify;\">Los d\u00edas 2 y 4 de mayo de 2018 se celebr\u00f3 el<b>\u00a0Simposio Mundial sobre la Contaminaci\u00f3n del Suelo <\/b>\u00a0en la sede de la FAO (Roma).<\/p>\n<p style=\"text-align: justify;\">El\u00a0<b>simposio\u00a0<\/b>es el primer paso para aplicar las Directrices Voluntarias para la Gesti\u00f3n Sostenible del Suelo en t\u00e9rminos de prevenci\u00f3n y reducci\u00f3n de sustancias nocivas en el suelo como forma de mantener los suelos sanos y la seguridad alimentaria de acuerdo con los Objetivos de Desarrollo Sostenible.<\/p>\n<p><a href=\"http:\/\/edafoeduca.es\/wp-content\/uploads\/2018\/05\/Concept-Note-Angenda.pdf\">Adjuntamos el marco conceptual y la Agenda del Simposio<\/a>.<\/p>\n<p>Resoluci\u00f3n de la Asamblea de las Naciones Unidas sobre el medio ambiente:\u00a0<a class=\"external-link-new-window\" title=\"Opens external link in new window\" href=\"http:\/\/edafoeduca.es\/wp-content\/uploads\/2018\/05\/Gesti\u00f3n-Contaminaci\u00f3n-Suelo-Desarrollo-Sostenible.pdf\" target=\"_blank\" rel=\"noopener\">Gesti\u00f3n de la contaminaci\u00f3n del suelo para lograr el desarrollo sostenible<\/a><\/p>\n<p><iframe loading=\"lazy\" width=\"640\" height=\"360\" src=\"https:\/\/www.youtube.com\/embed\/wHcY-iFSYZM?feature=oembed\" frameborder=\"0\" allow=\"accelerometer; autoplay; encrypted-media; gyroscope; picture-in-picture\" allowfullscreen><\/iframe><\/p>\n<p>Adjuntamos varias publicaciones que nos confirman en la gran magnitud del problema de la contaminaci\u00f3n de los suelos.<\/p>\n<div class=\"gca-column one-third first\"><a href=\"http:\/\/edafoeduca.es\/wp-content\/uploads\/2018\/10\/Hidden-Reality-Soil-Pollution.bmp\" rel=\"http:\/\/www.fao.org\/3\/I9183EN\/i9183en.pdf\"><img decoding=\"async\" loading=\"lazy\" class=\"aligncenter wp-image-434 size-full\" src=\"http:\/\/edafoeduca.es\/wp-content\/uploads\/2018\/10\/Hidden-Reality-Soil-Pollution.bmp\" alt=\"\" width=\"599\" height=\"847\" srcset=\"https:\/\/edafoeduca.es\/wp-content\/uploads\/2018\/10\/Hidden-Reality-Soil-Pollution.bmp 599w, https:\/\/edafoeduca.es\/wp-content\/uploads\/2018\/10\/Hidden-Reality-Soil-Pollution-212x300.jpg 212w\" sizes=\"(max-width: 599px) 100vw, 599px\" \/><\/a><\/div>\n<div class=\"gca-column one-third\"><a href=\"http:\/\/edafoeduca.es\/wp-content\/uploads\/2018\/10\/Documento-Resumen-Soil-Pollution-Simposio-2018.bmp\" rel=\"http:\/\/www.fao.org\/3\/ca0362en\/CA0362EN.pdf\"><img decoding=\"async\" loading=\"lazy\" class=\"aligncenter wp-image-435 size-full\" src=\"http:\/\/edafoeduca.es\/wp-content\/uploads\/2018\/10\/Documento-Resumen-Soil-Pollution-Simposio-2018.bmp\" alt=\"\" width=\"617\" height=\"857\" srcset=\"https:\/\/edafoeduca.es\/wp-content\/uploads\/2018\/10\/Documento-Resumen-Soil-Pollution-Simposio-2018.bmp 617w, https:\/\/edafoeduca.es\/wp-content\/uploads\/2018\/10\/Documento-Resumen-Soil-Pollution-Simposio-2018-216x300.jpg 216w\" sizes=\"(max-width: 617px) 100vw, 617px\" \/><\/a><\/div>\n<div class=\"gca-column one-third\"><a href=\"http:\/\/edafoeduca.es\/wp-content\/uploads\/2018\/10\/Actas-Soil-Pollution-Simposio-2018.bmp\" rel=\"http:\/\/www.fao.org\/3\/CA1087EN\/ca1087en.pdf\"><img decoding=\"async\" loading=\"lazy\" class=\"aligncenter wp-image-436 size-full\" src=\"http:\/\/edafoeduca.es\/wp-content\/uploads\/2018\/10\/Actas-Soil-Pollution-Simposio-2018.bmp\" alt=\"\" width=\"615\" height=\"851\" srcset=\"https:\/\/edafoeduca.es\/wp-content\/uploads\/2018\/10\/Actas-Soil-Pollution-Simposio-2018.bmp 615w, https:\/\/edafoeduca.es\/wp-content\/uploads\/2018\/10\/Actas-Soil-Pollution-Simposio-2018-217x300.jpg 217w\" sizes=\"(max-width: 615px) 100vw, 615px\" \/><\/a><\/div>\n<p style=\"text-align: justify;\"><div class=\"gca-column one-third first\">Documento Alianza Mundial por el Suelo-FAO \u00abla Contaminaci\u00f3n del suelo: una realidad oculta\u00bb<\/div>\n<div class=\"gca-column one-third\">Documento resumen del <span class=\"st\"><em>Simposio Mundial<\/em> sobre la <em>Contaminaci\u00f3n<\/em> del <em>Suelo. <\/em>Mayo 2018.<\/span><\/div>\n<div class=\"gca-column one-third\">Actas del <span class=\"st\"><em>Simposio Mundial<\/em> sobre la <em>Contaminaci\u00f3n<\/em> del <em>Suelo. <\/em>Mayo 2018.<\/span><\/div>\n<p>&nbsp;<\/p>\n<p style=\"text-align: justify;\">Desde la FAO y la Alianza Mundial de los Suelos se ha preparado material para concienciarnos sobre este gran problema que afecta tanto a nuestros ecosistemas como a nuestra salud. Puedes encontrar el material en: <a href=\"http:\/\/www.fao.org\/world-soil-day\/campaign-materials\/infographic\/es\/\">http:\/\/www.fao.org\/world-soil-day\/campaign-materials\/infographic\/es\/<\/a><\/p>\n<p><img decoding=\"async\" loading=\"lazy\" class=\"aligncenter wp-image-425 size-full\" src=\"http:\/\/edafoeduca.es\/wp-content\/uploads\/2018\/10\/GSP_WSD_18_Contaminacion-Suelo-Soil-Contamination-7.jpg\" alt=\"\" width=\"910\" height=\"6437\" srcset=\"https:\/\/edafoeduca.es\/wp-content\/uploads\/2018\/10\/GSP_WSD_18_Contaminacion-Suelo-Soil-Contamination-7.jpg 910w, https:\/\/edafoeduca.es\/wp-content\/uploads\/2018\/10\/GSP_WSD_18_Contaminacion-Suelo-Soil-Contamination-7-768x5433.jpg 768w\" sizes=\"(max-width: 910px) 100vw, 910px\" \/><\/p>\n<p>&nbsp;<\/p>\n","protected":false},"excerpt":{"rendered":"<p>Un suelo contaminado es\u00a0 aquel cuyas caracter\u00edsticas han sido alteradas negativamente debido a componentes qu\u00edmicos o biol\u00f3gicos que son peligrosos, dichos suelos comportan un riesgo inaceptable para la salud humana o el medio ambiente. La contaminaci\u00f3n de los suelos suele &hellip; <a href=\"https:\/\/edafoeduca.es\/index.php\/be-the-solution-to-soil-pollution\/\">Sigue leyendo <span class=\"meta-nav\">&rarr;<\/span><\/a><\/p>\n","protected":false},"author":1,"featured_media":0,"parent":0,"menu_order":2,"comment_status":"closed","ping_status":"closed","template":"","meta":{"footnotes":""},"yoast_head":"<!-- This site is optimized with the Yoast SEO plugin v20.4 - https:\/\/yoast.com\/wordpress\/plugins\/seo\/ -->\n<title>Se la soluci\u00f3n a la contaminaci\u00f3n del suelo! - Ense\u00f1anza en la Ciencia del Suelo<\/title>\n<meta name=\"robots\" content=\"index, follow, max-snippet:-1, max-image-preview:large, max-video-preview:-1\" \/>\n<link rel=\"canonical\" href=\"https:\/\/edafoeduca.es\/index.php\/be-the-solution-to-soil-pollution\/\" \/>\n<meta property=\"og:locale\" content=\"es_ES\" \/>\n<meta property=\"og:type\" content=\"article\" \/>\n<meta property=\"og:title\" content=\"Se la soluci\u00f3n a la contaminaci\u00f3n del suelo! - Ense\u00f1anza en la Ciencia del Suelo\" \/>\n<meta property=\"og:description\" content=\"Un suelo contaminado es\u00a0 aquel cuyas caracter\u00edsticas han sido alteradas negativamente debido a componentes qu\u00edmicos o biol\u00f3gicos que son peligrosos, dichos suelos comportan un riesgo inaceptable para la salud humana o el medio ambiente. La contaminaci\u00f3n de los suelos suele &hellip; Sigue leyendo &rarr;\" \/>\n<meta property=\"og:url\" content=\"https:\/\/edafoeduca.es\/index.php\/be-the-solution-to-soil-pollution\/\" \/>\n<meta property=\"og:site_name\" content=\"Ense\u00f1anza en la Ciencia del Suelo\" \/>\n<meta property=\"article:modified_time\" content=\"2019-10-27T18:22:10+00:00\" \/>\n<meta property=\"og:image\" content=\"http:\/\/edafoeduca.es\/wp-content\/uploads\/2018\/12\/Dia-Mundial-Suelo_Rafa-Boluda-505122018-1024x572.jpg\" \/>\n<meta name=\"twitter:card\" content=\"summary_large_image\" \/>\n<meta name=\"twitter:label1\" content=\"Tiempo de lectura\" \/>\n\t<meta name=\"twitter:data1\" content=\"3 minutos\" \/>\n<script type=\"application\/ld+json\" class=\"yoast-schema-graph\">{\"@context\":\"https:\/\/schema.org\",\"@graph\":[{\"@type\":\"WebPage\",\"@id\":\"https:\/\/edafoeduca.es\/index.php\/be-the-solution-to-soil-pollution\/\",\"url\":\"https:\/\/edafoeduca.es\/index.php\/be-the-solution-to-soil-pollution\/\",\"name\":\"Se la soluci\u00f3n a la contaminaci\u00f3n del suelo! - Ense\u00f1anza en la Ciencia del Suelo\",\"isPartOf\":{\"@id\":\"https:\/\/edafoeduca.es\/#website\"},\"datePublished\":\"2018-05-09T09:19:24+00:00\",\"dateModified\":\"2019-10-27T18:22:10+00:00\",\"breadcrumb\":{\"@id\":\"https:\/\/edafoeduca.es\/index.php\/be-the-solution-to-soil-pollution\/#breadcrumb\"},\"inLanguage\":\"es\",\"potentialAction\":[{\"@type\":\"ReadAction\",\"target\":[\"https:\/\/edafoeduca.es\/index.php\/be-the-solution-to-soil-pollution\/\"]}]},{\"@type\":\"BreadcrumbList\",\"@id\":\"https:\/\/edafoeduca.es\/index.php\/be-the-solution-to-soil-pollution\/#breadcrumb\",\"itemListElement\":[{\"@type\":\"ListItem\",\"position\":1,\"name\":\"Portada\",\"item\":\"https:\/\/edafoeduca.es\/\"},{\"@type\":\"ListItem\",\"position\":2,\"name\":\"Se la soluci\u00f3n a la contaminaci\u00f3n del suelo!\"}]},{\"@type\":\"WebSite\",\"@id\":\"https:\/\/edafoeduca.es\/#website\",\"url\":\"https:\/\/edafoeduca.es\/\",\"name\":\"Ense\u00f1anza en la Ciencia del Suelo\",\"description\":\"Edafoeduca_SECS\",\"potentialAction\":[{\"@type\":\"SearchAction\",\"target\":{\"@type\":\"EntryPoint\",\"urlTemplate\":\"https:\/\/edafoeduca.es\/?s={search_term_string}\"},\"query-input\":\"required name=search_term_string\"}],\"inLanguage\":\"es\"}]}<\/script>\n<!-- \/ Yoast SEO plugin. -->","yoast_head_json":{"title":"Se la soluci\u00f3n a la contaminaci\u00f3n del suelo! - Ense\u00f1anza en la Ciencia del Suelo","robots":{"index":"index","follow":"follow","max-snippet":"max-snippet:-1","max-image-preview":"max-image-preview:large","max-video-preview":"max-video-preview:-1"},"canonical":"https:\/\/edafoeduca.es\/index.php\/be-the-solution-to-soil-pollution\/","og_locale":"es_ES","og_type":"article","og_title":"Se la soluci\u00f3n a la contaminaci\u00f3n del suelo! - Ense\u00f1anza en la Ciencia del Suelo","og_description":"Un suelo contaminado es\u00a0 aquel cuyas caracter\u00edsticas han sido alteradas negativamente debido a componentes qu\u00edmicos o biol\u00f3gicos que son peligrosos, dichos suelos comportan un riesgo inaceptable para la salud humana o el medio ambiente. La contaminaci\u00f3n de los suelos suele &hellip; Sigue leyendo &rarr;","og_url":"https:\/\/edafoeduca.es\/index.php\/be-the-solution-to-soil-pollution\/","og_site_name":"Ense\u00f1anza en la Ciencia del Suelo","article_modified_time":"2019-10-27T18:22:10+00:00","og_image":[{"url":"http:\/\/edafoeduca.es\/wp-content\/uploads\/2018\/12\/Dia-Mundial-Suelo_Rafa-Boluda-505122018-1024x572.jpg"}],"twitter_card":"summary_large_image","twitter_misc":{"Tiempo de lectura":"3 minutos"},"schema":{"@context":"https:\/\/schema.org","@graph":[{"@type":"WebPage","@id":"https:\/\/edafoeduca.es\/index.php\/be-the-solution-to-soil-pollution\/","url":"https:\/\/edafoeduca.es\/index.php\/be-the-solution-to-soil-pollution\/","name":"Se la soluci\u00f3n a la contaminaci\u00f3n del suelo! - Ense\u00f1anza en la Ciencia del Suelo","isPartOf":{"@id":"https:\/\/edafoeduca.es\/#website"},"datePublished":"2018-05-09T09:19:24+00:00","dateModified":"2019-10-27T18:22:10+00:00","breadcrumb":{"@id":"https:\/\/edafoeduca.es\/index.php\/be-the-solution-to-soil-pollution\/#breadcrumb"},"inLanguage":"es","potentialAction":[{"@type":"ReadAction","target":["https:\/\/edafoeduca.es\/index.php\/be-the-solution-to-soil-pollution\/"]}]},{"@type":"BreadcrumbList","@id":"https:\/\/edafoeduca.es\/index.php\/be-the-solution-to-soil-pollution\/#breadcrumb","itemListElement":[{"@type":"ListItem","position":1,"name":"Portada","item":"https:\/\/edafoeduca.es\/"},{"@type":"ListItem","position":2,"name":"Se la soluci\u00f3n a la contaminaci\u00f3n del suelo!"}]},{"@type":"WebSite","@id":"https:\/\/edafoeduca.es\/#website","url":"https:\/\/edafoeduca.es\/","name":"Ense\u00f1anza en la Ciencia del Suelo","description":"Edafoeduca_SECS","potentialAction":[{"@type":"SearchAction","target":{"@type":"EntryPoint","urlTemplate":"https:\/\/edafoeduca.es\/?s={search_term_string}"},"query-input":"required name=search_term_string"}],"inLanguage":"es"}]}},"_links":{"self":[{"href":"https:\/\/edafoeduca.es\/index.php\/wp-json\/wp\/v2\/pages\/346"}],"collection":[{"href":"https:\/\/edafoeduca.es\/index.php\/wp-json\/wp\/v2\/pages"}],"about":[{"href":"https:\/\/edafoeduca.es\/index.php\/wp-json\/wp\/v2\/types\/page"}],"author":[{"embeddable":true,"href":"https:\/\/edafoeduca.es\/index.php\/wp-json\/wp\/v2\/users\/1"}],"replies":[{"embeddable":true,"href":"https:\/\/edafoeduca.es\/index.php\/wp-json\/wp\/v2\/comments?post=346"}],"version-history":[{"count":30,"href":"https:\/\/edafoeduca.es\/index.php\/wp-json\/wp\/v2\/pages\/346\/revisions"}],"predecessor-version":[{"id":670,"href":"https:\/\/edafoeduca.es\/index.php\/wp-json\/wp\/v2\/pages\/346\/revisions\/670"}],"wp:attachment":[{"href":"https:\/\/edafoeduca.es\/index.php\/wp-json\/wp\/v2\/media?parent=346"}],"curies":[{"name":"wp","href":"https:\/\/api.w.org\/{rel}","templated":true}]}}