{"id":381,"date":"2018-06-06T12:02:07","date_gmt":"2018-06-06T10:02:07","guid":{"rendered":"http:\/\/edafoeduca.es\/?page_id=381"},"modified":"2018-11-07T09:09:09","modified_gmt":"2018-11-07T08:09:09","slug":"i-concurso-edafo-videos","status":"publish","type":"page","link":"https:\/\/edafoeduca.es\/index.php\/i-concurso-edafo-videos\/","title":{"rendered":"I Concurso Edafo Videos"},"content":{"rendered":"<h2 style=\"text-align: justify;\">Ya tenemos los ganadores del I Concurso Edafo-Videos. \u00a1Enhorabuena a todos ellos! y gracias por compartir vuestra pasi\u00f3n por la Ciencia del Suelo<\/h2>\n<h3 style=\"text-align: justify;\"><span style=\"text-decoration: underline;\"><strong><span style=\"color: #0000ff; text-decoration: underline;\">Primer premio<\/span><\/strong><\/span>: Diana Elisa Jim\u00e9nez De Santiago, Marta Vilarrasa Nogu\u00e9 (Universitat de Lleida)<\/h3>\n<p>T\u00edtulo: FOBIA AL AGUA<\/p>\n<div style=\"width: 640px;\" class=\"wp-video\"><!--[if lt IE 9]><script>document.createElement('video');<\/script><![endif]-->\n<video class=\"wp-video-shortcode\" id=\"video-381-1\" width=\"640\" height=\"360\" preload=\"metadata\" controls=\"controls\"><source type=\"video\/mp4\" src=\"http:\/\/edafoeduca.es\/wp-content\/uploads\/2018\/06\/Hidrofobicidad.mp4?_=1\" \/><a href=\"http:\/\/edafoeduca.es\/wp-content\/uploads\/2018\/06\/Hidrofobicidad.mp4\">http:\/\/edafoeduca.es\/wp-content\/uploads\/2018\/06\/Hidrofobicidad.mp4<\/a><\/video><\/div>\n<p>&nbsp;<\/p>\n<p style=\"text-align: justify;\">Resumen: Breve descripci\u00f3n de la hidrofobicidad del suelo y experimento pr\u00e1ctico con diferentes suelos (agr\u00edcola con y sin aplicaci\u00f3n de pur\u00edn de cerdo, forestal, arena).<\/p>\n<h3><span style=\"text-decoration: underline;\"><strong><span style=\"color: #0000ff; text-decoration: underline;\">Segundo premio<\/span><\/strong><\/span>: Noem\u00ed Mateo Mar\u00edn (Universidad de Zaragoza)<\/h3>\n<p>T\u00edtulo: UN RETO ACTUAL<\/p>\n<div style=\"width: 640px;\" class=\"wp-video\"><video class=\"wp-video-shortcode\" id=\"video-381-2\" width=\"640\" height=\"360\" preload=\"metadata\" controls=\"controls\"><source type=\"video\/mp4\" src=\"http:\/\/edafoeduca.es\/wp-content\/uploads\/2018\/06\/EdafoVideo_NoemiMateo_Comprimido.mp4?_=2\" \/><a href=\"http:\/\/edafoeduca.es\/wp-content\/uploads\/2018\/06\/EdafoVideo_NoemiMateo_Comprimido.mp4\">http:\/\/edafoeduca.es\/wp-content\/uploads\/2018\/06\/EdafoVideo_NoemiMateo_Comprimido.mp4<\/a><\/video><\/div>\n<p>&nbsp;<\/p>\n<p style=\"text-align: justify;\">Resumen: El \u00e1rea de la edafolog\u00eda no se encuentra al margen del conocido \u201cCalentamiento Global\u201d. El v\u00eddeo intenta dar a conocer que los suelos de manera natural y a trav\u00e9s de procesos de descomposici\u00f3n, emiten gases de efecto invernadero a la atm\u00f3sfera. La acci\u00f3n humana altera este flujo natural, haciendo que los suelos agr\u00edcolas (y el sector agr\u00edcola en general) sean una potente fuente de gases de efecto invernadero (GEI). Sin embargo, se pueden usar ciertas pr\u00e1cticas para reducir esta emisi\u00f3n. La investigaci\u00f3n sobre cu\u00e1l es el manejo agr\u00edcola m\u00e1s adecuado para ello es fundamental y es nuestro reto actual.<\/p>\n<h3><span style=\"text-decoration: underline;\"><strong><span style=\"color: #0000ff; text-decoration: underline;\">Tercer premio<\/span><\/strong><\/span>: David Guixot Garcer\u00e1n, Ra\u00fal Martorell Fos (Universitat Polit\u00e8cnica de Val\u00e8ncia)<\/h3>\n<p>T\u00edtulo: AN\u00c1LISIS DE SUELO DE UNA EXPLOTACI\u00d3N AGR\u00cdCOLA<\/p>\n<div style=\"width: 640px;\" class=\"wp-video\"><video class=\"wp-video-shortcode\" id=\"video-381-3\" width=\"640\" height=\"360\" preload=\"metadata\" controls=\"controls\"><source type=\"video\/mp4\" src=\"http:\/\/edafoeduca.es\/wp-content\/uploads\/2018\/06\/CONCURSO-EDAFO-VIDEOS-AN\u00c1LISIS-DE-SUELO-RA\u00daL-Y-DAVID.mp4?_=3\" \/><a href=\"http:\/\/edafoeduca.es\/wp-content\/uploads\/2018\/06\/CONCURSO-EDAFO-VIDEOS-AN\u00c1LISIS-DE-SUELO-RA\u00daL-Y-DAVID.mp4\">http:\/\/edafoeduca.es\/wp-content\/uploads\/2018\/06\/CONCURSO-EDAFO-VIDEOS-AN\u00c1LISIS-DE-SUELO-RA\u00daL-Y-DAVID.mp4<\/a><\/video><\/div>\n<p>&nbsp;<\/p>\n<p style=\"text-align: justify;\">Resumen: En el v\u00eddeo se muestra c\u00f3mo obtener muestras del suelo y analizar distintas propiedades qu\u00edmicas de los suelos.<\/p>\n<h3><span style=\"text-decoration: underline;\"><strong>Menci\u00f3n especial<\/strong><\/span>: Luis Molina Almela<\/h3>\n<p style=\"text-align: justify;\">T\u00edtulo: C\u00d3MO HACER UN MONOLITO DE SUELO (T\u00edtulo original: HOW TO MAKE A SOIL MONOLITH MODEL)<\/p>\n<p><a href=\"https:\/\/www.youtube.com\/watch?v=pDYOyUTF-Jg\"><img decoding=\"async\" loading=\"lazy\" class=\"aligncenter wp-image-394 size-large\" src=\"http:\/\/edafoeduca.es\/wp-content\/uploads\/2018\/06\/Monolito-suelo-Luis-Molina-Almela-1024x584.jpg\" alt=\"\" width=\"640\" height=\"365\" srcset=\"https:\/\/edafoeduca.es\/wp-content\/uploads\/2018\/06\/Monolito-suelo-Luis-Molina-Almela-1024x584.jpg 1024w, https:\/\/edafoeduca.es\/wp-content\/uploads\/2018\/06\/Monolito-suelo-Luis-Molina-Almela-300x171.jpg 300w, https:\/\/edafoeduca.es\/wp-content\/uploads\/2018\/06\/Monolito-suelo-Luis-Molina-Almela-768x438.jpg 768w, https:\/\/edafoeduca.es\/wp-content\/uploads\/2018\/06\/Monolito-suelo-Luis-Molina-Almela.bmp 1032w\" sizes=\"(max-width: 640px) 100vw, 640px\" \/><\/a><\/p>\n<p style=\"text-align: justify;\">Producido por la Universit\u00e4t f\u00fcr <b>Bo<\/b>den<b>ku<\/b>ltur Wien (BOKU) en cooperaci\u00f3n con la Universitat Polit\u00e8cnica de Val\u00e8ncia<\/p>\n<p>&nbsp;<\/p>\n","protected":false},"excerpt":{"rendered":"<p>Ya tenemos los ganadores del I Concurso Edafo-Videos. \u00a1Enhorabuena a todos ellos! y gracias por compartir vuestra pasi\u00f3n por la Ciencia del Suelo Primer premio: Diana Elisa Jim\u00e9nez De Santiago, Marta Vilarrasa Nogu\u00e9 (Universitat de Lleida) T\u00edtulo: FOBIA AL AGUA &hellip; <a href=\"https:\/\/edafoeduca.es\/index.php\/i-concurso-edafo-videos\/\">Sigue leyendo <span class=\"meta-nav\">&rarr;<\/span><\/a><\/p>\n","protected":false},"author":1,"featured_media":0,"parent":0,"menu_order":6,"comment_status":"closed","ping_status":"closed","template":"","meta":{"footnotes":""},"yoast_head":"<!-- This site is optimized with the Yoast SEO plugin v20.4 - https:\/\/yoast.com\/wordpress\/plugins\/seo\/ -->\n<title>I Concurso Edafo Videos - Ense\u00f1anza en la Ciencia del Suelo<\/title>\n<meta name=\"robots\" content=\"index, follow, max-snippet:-1, max-image-preview:large, max-video-preview:-1\" \/>\n<link rel=\"canonical\" href=\"https:\/\/edafoeduca.es\/index.php\/i-concurso-edafo-videos\/\" \/>\n<meta property=\"og:locale\" content=\"es_ES\" \/>\n<meta property=\"og:type\" content=\"article\" \/>\n<meta property=\"og:title\" content=\"I Concurso Edafo Videos - Ense\u00f1anza en la Ciencia del Suelo\" \/>\n<meta property=\"og:description\" content=\"Ya tenemos los ganadores del I Concurso Edafo-Videos. \u00a1Enhorabuena a todos ellos! y gracias por compartir vuestra pasi\u00f3n por la Ciencia del Suelo Primer premio: Diana Elisa Jim\u00e9nez De Santiago, Marta Vilarrasa Nogu\u00e9 (Universitat de Lleida) T\u00edtulo: FOBIA AL AGUA &hellip; Sigue leyendo &rarr;\" \/>\n<meta property=\"og:url\" content=\"https:\/\/edafoeduca.es\/index.php\/i-concurso-edafo-videos\/\" \/>\n<meta property=\"og:site_name\" content=\"Ense\u00f1anza en la Ciencia del Suelo\" \/>\n<meta property=\"article:modified_time\" content=\"2018-11-07T08:09:09+00:00\" \/>\n<meta property=\"og:image\" content=\"http:\/\/edafoeduca.es\/wp-content\/uploads\/2018\/06\/Monolito-suelo-Luis-Molina-Almela-1024x584.jpg\" \/>\n<meta name=\"twitter:card\" content=\"summary_large_image\" \/>\n<meta name=\"twitter:label1\" content=\"Tiempo de lectura\" \/>\n\t<meta name=\"twitter:data1\" content=\"2 minutos\" \/>\n<script type=\"application\/ld+json\" class=\"yoast-schema-graph\">{\"@context\":\"https:\/\/schema.org\",\"@graph\":[{\"@type\":\"WebPage\",\"@id\":\"https:\/\/edafoeduca.es\/index.php\/i-concurso-edafo-videos\/\",\"url\":\"https:\/\/edafoeduca.es\/index.php\/i-concurso-edafo-videos\/\",\"name\":\"I Concurso Edafo Videos - Ense\u00f1anza en la Ciencia del Suelo\",\"isPartOf\":{\"@id\":\"https:\/\/edafoeduca.es\/#website\"},\"datePublished\":\"2018-06-06T10:02:07+00:00\",\"dateModified\":\"2018-11-07T08:09:09+00:00\",\"breadcrumb\":{\"@id\":\"https:\/\/edafoeduca.es\/index.php\/i-concurso-edafo-videos\/#breadcrumb\"},\"inLanguage\":\"es\",\"potentialAction\":[{\"@type\":\"ReadAction\",\"target\":[\"https:\/\/edafoeduca.es\/index.php\/i-concurso-edafo-videos\/\"]}]},{\"@type\":\"BreadcrumbList\",\"@id\":\"https:\/\/edafoeduca.es\/index.php\/i-concurso-edafo-videos\/#breadcrumb\",\"itemListElement\":[{\"@type\":\"ListItem\",\"position\":1,\"name\":\"Portada\",\"item\":\"https:\/\/edafoeduca.es\/\"},{\"@type\":\"ListItem\",\"position\":2,\"name\":\"I Concurso Edafo Videos\"}]},{\"@type\":\"WebSite\",\"@id\":\"https:\/\/edafoeduca.es\/#website\",\"url\":\"https:\/\/edafoeduca.es\/\",\"name\":\"Ense\u00f1anza en la Ciencia del Suelo\",\"description\":\"Edafoeduca_SECS\",\"potentialAction\":[{\"@type\":\"SearchAction\",\"target\":{\"@type\":\"EntryPoint\",\"urlTemplate\":\"https:\/\/edafoeduca.es\/?s={search_term_string}\"},\"query-input\":\"required name=search_term_string\"}],\"inLanguage\":\"es\"}]}<\/script>\n<!-- \/ Yoast SEO plugin. -->","yoast_head_json":{"title":"I Concurso Edafo Videos - Ense\u00f1anza en la Ciencia del Suelo","robots":{"index":"index","follow":"follow","max-snippet":"max-snippet:-1","max-image-preview":"max-image-preview:large","max-video-preview":"max-video-preview:-1"},"canonical":"https:\/\/edafoeduca.es\/index.php\/i-concurso-edafo-videos\/","og_locale":"es_ES","og_type":"article","og_title":"I Concurso Edafo Videos - Ense\u00f1anza en la Ciencia del Suelo","og_description":"Ya tenemos los ganadores del I Concurso Edafo-Videos. \u00a1Enhorabuena a todos ellos! y gracias por compartir vuestra pasi\u00f3n por la Ciencia del Suelo Primer premio: Diana Elisa Jim\u00e9nez De Santiago, Marta Vilarrasa Nogu\u00e9 (Universitat de Lleida) T\u00edtulo: FOBIA AL AGUA &hellip; Sigue leyendo &rarr;","og_url":"https:\/\/edafoeduca.es\/index.php\/i-concurso-edafo-videos\/","og_site_name":"Ense\u00f1anza en la Ciencia del Suelo","article_modified_time":"2018-11-07T08:09:09+00:00","og_image":[{"url":"http:\/\/edafoeduca.es\/wp-content\/uploads\/2018\/06\/Monolito-suelo-Luis-Molina-Almela-1024x584.jpg"}],"twitter_card":"summary_large_image","twitter_misc":{"Tiempo de lectura":"2 minutos"},"schema":{"@context":"https:\/\/schema.org","@graph":[{"@type":"WebPage","@id":"https:\/\/edafoeduca.es\/index.php\/i-concurso-edafo-videos\/","url":"https:\/\/edafoeduca.es\/index.php\/i-concurso-edafo-videos\/","name":"I Concurso Edafo Videos - Ense\u00f1anza en la Ciencia del Suelo","isPartOf":{"@id":"https:\/\/edafoeduca.es\/#website"},"datePublished":"2018-06-06T10:02:07+00:00","dateModified":"2018-11-07T08:09:09+00:00","breadcrumb":{"@id":"https:\/\/edafoeduca.es\/index.php\/i-concurso-edafo-videos\/#breadcrumb"},"inLanguage":"es","potentialAction":[{"@type":"ReadAction","target":["https:\/\/edafoeduca.es\/index.php\/i-concurso-edafo-videos\/"]}]},{"@type":"BreadcrumbList","@id":"https:\/\/edafoeduca.es\/index.php\/i-concurso-edafo-videos\/#breadcrumb","itemListElement":[{"@type":"ListItem","position":1,"name":"Portada","item":"https:\/\/edafoeduca.es\/"},{"@type":"ListItem","position":2,"name":"I Concurso Edafo Videos"}]},{"@type":"WebSite","@id":"https:\/\/edafoeduca.es\/#website","url":"https:\/\/edafoeduca.es\/","name":"Ense\u00f1anza en la Ciencia del Suelo","description":"Edafoeduca_SECS","potentialAction":[{"@type":"SearchAction","target":{"@type":"EntryPoint","urlTemplate":"https:\/\/edafoeduca.es\/?s={search_term_string}"},"query-input":"required name=search_term_string"}],"inLanguage":"es"}]}},"_links":{"self":[{"href":"https:\/\/edafoeduca.es\/index.php\/wp-json\/wp\/v2\/pages\/381"}],"collection":[{"href":"https:\/\/edafoeduca.es\/index.php\/wp-json\/wp\/v2\/pages"}],"about":[{"href":"https:\/\/edafoeduca.es\/index.php\/wp-json\/wp\/v2\/types\/page"}],"author":[{"embeddable":true,"href":"https:\/\/edafoeduca.es\/index.php\/wp-json\/wp\/v2\/users\/1"}],"replies":[{"embeddable":true,"href":"https:\/\/edafoeduca.es\/index.php\/wp-json\/wp\/v2\/comments?post=381"}],"version-history":[{"count":10,"href":"https:\/\/edafoeduca.es\/index.php\/wp-json\/wp\/v2\/pages\/381\/revisions"}],"predecessor-version":[{"id":397,"href":"https:\/\/edafoeduca.es\/index.php\/wp-json\/wp\/v2\/pages\/381\/revisions\/397"}],"wp:attachment":[{"href":"https:\/\/edafoeduca.es\/index.php\/wp-json\/wp\/v2\/media?parent=381"}],"curies":[{"name":"wp","href":"https:\/\/api.w.org\/{rel}","templated":true}]}}