{"id":608,"date":"2019-05-03T17:36:18","date_gmt":"2019-05-03T15:36:18","guid":{"rendered":"http:\/\/edafoeduca.es\/?page_id=608"},"modified":"2023-10-09T08:18:34","modified_gmt":"2023-10-09T06:18:34","slug":"experimentos-erosion","status":"publish","type":"page","link":"https:\/\/edafoeduca.es\/index.php\/experimentos-erosion\/","title":{"rendered":"Experimentos con suelo para escolares"},"content":{"rendered":"\n<p><strong>A disfrutar \u2026.<\/strong><\/p>\n\n\n<div class=\"wp-block-image\">\n<figure class=\"aligncenter size-full\"><a href=\"https:\/\/www.fao.org\/fileadmin\/user_upload\/GSP\/WSD2017\/Publications_PWS\/Soil_Experiments_ES.pdf\"><img decoding=\"async\" loading=\"lazy\" width=\"519\" height=\"721\" src=\"https:\/\/edafoeduca.es\/wp-content\/uploads\/2021\/12\/Experimentos-suelo-con-ninos-reborde.png\" alt=\"\" class=\"wp-image-1883\" srcset=\"https:\/\/edafoeduca.es\/wp-content\/uploads\/2021\/12\/Experimentos-suelo-con-ninos-reborde.png 519w, https:\/\/edafoeduca.es\/wp-content\/uploads\/2021\/12\/Experimentos-suelo-con-ninos-reborde-216x300.png 216w\" sizes=\"(max-width: 519px) 100vw, 519px\" \/><\/a><\/figure><\/div>\n\n\n<p><a href=\"http:\/\/www.fao.org\/3\/a-i7957e.pdf\"><strong>Soil Experiments for CHILDREN<\/strong><\/a><\/p>\n\n\n\n<p><strong><a href=\"https:\/\/www.fao.org\/fileadmin\/user_upload\/world_soil_day\/images\/Soil_Experiments_IT.pdf\">Esperimenti scientifici sul suolo per BAMBINI<\/a><\/strong><\/p>\n\n\n\n<p><a href=\"https:\/\/www.fao.org\/documents\/card\/en\/c\/cb7681en\" target=\"_blank\" rel=\"noreferrer noopener\">Salty experiments with soil for children and guide for teachers<\/a><\/p>\n\n\n\n<!--more-->\n\n\n\n<p>Antes de hacer con nuestros alumnos y alumnas los experimentos es importante que les expliquemos el objetivo del experimento y que con nuestra ayuda puedan sacar aplicaciones pr\u00e1cticas.<\/p>\n\n\n\n<div class=\"wp-block-cover is-light\"><span aria-hidden=\"true\" class=\"wp-block-cover__background has-background-dim\"><\/span><img decoding=\"async\" loading=\"lazy\" width=\"1024\" height=\"724\" class=\"wp-block-cover__image-background wp-image-1977\" alt=\"\" src=\"http:\/\/edafoeduca.es\/wp-content\/uploads\/2023\/08\/Experimento_Textura-al-tacto_FIQ_UNL_EDU_AR_Cultura-cientifica-1024x724.png\" data-object-fit=\"cover\" srcset=\"https:\/\/edafoeduca.es\/wp-content\/uploads\/2023\/08\/Experimento_Textura-al-tacto_FIQ_UNL_EDU_AR_Cultura-cientifica-1024x724.png 1024w, https:\/\/edafoeduca.es\/wp-content\/uploads\/2023\/08\/Experimento_Textura-al-tacto_FIQ_UNL_EDU_AR_Cultura-cientifica-300x212.png 300w, https:\/\/edafoeduca.es\/wp-content\/uploads\/2023\/08\/Experimento_Textura-al-tacto_FIQ_UNL_EDU_AR_Cultura-cientifica-768x543.png 768w, https:\/\/edafoeduca.es\/wp-content\/uploads\/2023\/08\/Experimento_Textura-al-tacto_FIQ_UNL_EDU_AR_Cultura-cientifica.png 1200w\" sizes=\"(max-width: 1024px) 100vw, 1024px\" \/><div class=\"wp-block-cover__inner-container is-layout-flow wp-block-cover-is-layout-flow\">\n<p class=\"has-text-align-center has-large-font-size\"><\/p>\n<\/div><\/div>\n\n\n\n<p>M\u00e1s informaci\u00f3n en: <a href=\"https:\/\/www.fiq.unl.edu.ar\/culturacientifica\/extension-fiq\/donde-estamos-parados\/\" target=\"_blank\" rel=\"noreferrer noopener\">https:\/\/www.fiq.unl.edu.ar\/culturacientifica\/extension-fiq\/donde-estamos-parados\/<\/a><\/p>\n\n\n\n<figure class=\"wp-block-image size-large\"><img decoding=\"async\" loading=\"lazy\" width=\"1024\" height=\"724\" src=\"http:\/\/edafoeduca.es\/wp-content\/uploads\/2023\/08\/Expermiento_Permeabilidad-suelo_FIQ_UNL_EDU_AR_Cultura-cientifica-1024x724.png\" alt=\"\" class=\"wp-image-1979\" srcset=\"https:\/\/edafoeduca.es\/wp-content\/uploads\/2023\/08\/Expermiento_Permeabilidad-suelo_FIQ_UNL_EDU_AR_Cultura-cientifica-1024x724.png 1024w, https:\/\/edafoeduca.es\/wp-content\/uploads\/2023\/08\/Expermiento_Permeabilidad-suelo_FIQ_UNL_EDU_AR_Cultura-cientifica-300x212.png 300w, https:\/\/edafoeduca.es\/wp-content\/uploads\/2023\/08\/Expermiento_Permeabilidad-suelo_FIQ_UNL_EDU_AR_Cultura-cientifica-768x543.png 768w, https:\/\/edafoeduca.es\/wp-content\/uploads\/2023\/08\/Expermiento_Permeabilidad-suelo_FIQ_UNL_EDU_AR_Cultura-cientifica.png 1200w\" sizes=\"(max-width: 1024px) 100vw, 1024px\" \/><\/figure>\n\n\n\n<figure class=\"wp-block-image size-large\"><img decoding=\"async\" loading=\"lazy\" width=\"1024\" height=\"541\" src=\"http:\/\/edafoeduca.es\/wp-content\/uploads\/2023\/08\/Experimento_MateriaOrganica_FIQ_UNL_EDU_AR_Cultura-cientifica-1-1024x541.png\" alt=\"\" class=\"wp-image-1980\" srcset=\"https:\/\/edafoeduca.es\/wp-content\/uploads\/2023\/08\/Experimento_MateriaOrganica_FIQ_UNL_EDU_AR_Cultura-cientifica-1-1024x541.png 1024w, https:\/\/edafoeduca.es\/wp-content\/uploads\/2023\/08\/Experimento_MateriaOrganica_FIQ_UNL_EDU_AR_Cultura-cientifica-1-300x159.png 300w, https:\/\/edafoeduca.es\/wp-content\/uploads\/2023\/08\/Experimento_MateriaOrganica_FIQ_UNL_EDU_AR_Cultura-cientifica-1-768x406.png 768w, https:\/\/edafoeduca.es\/wp-content\/uploads\/2023\/08\/Experimento_MateriaOrganica_FIQ_UNL_EDU_AR_Cultura-cientifica-1.png 1200w\" sizes=\"(max-width: 1024px) 100vw, 1024px\" \/><\/figure>\n\n\n<div class=\"wp-block-image\">\n<figure class=\"aligncenter size-large is-resized\"><a href=\"https:\/\/www.ciudadciencia.es\/wp-content\/uploads\/2018\/12\/FICHA-2-BIS_PROPIEDADES-FISICAS-DEL-SUELO_CC.pdf\"><img decoding=\"async\" loading=\"lazy\" src=\"http:\/\/edafoeduca.es\/wp-content\/uploads\/2023\/10\/Capacidad-de-retencion-de-agua-reborde-783x1024.png\" alt=\"\" class=\"wp-image-2024\" style=\"width:501px;height:656px\" width=\"501\" height=\"656\" srcset=\"https:\/\/edafoeduca.es\/wp-content\/uploads\/2023\/10\/Capacidad-de-retencion-de-agua-reborde-783x1024.png 783w, https:\/\/edafoeduca.es\/wp-content\/uploads\/2023\/10\/Capacidad-de-retencion-de-agua-reborde-230x300.png 230w, https:\/\/edafoeduca.es\/wp-content\/uploads\/2023\/10\/Capacidad-de-retencion-de-agua-reborde-768x1004.png 768w, https:\/\/edafoeduca.es\/wp-content\/uploads\/2023\/10\/Capacidad-de-retencion-de-agua-reborde.png 840w\" sizes=\"(max-width: 501px) 100vw, 501px\" \/><\/a><\/figure><\/div>\n\n<p><a href=\"http:\/\/www.ciudadciencia.es\/wp-content\/uploads\/2018\/12\/FICHA-2_LA-EROSION-DEL-SUELO_CC.pdf\"><img decoding=\"async\" loading=\"lazy\" class=\"aligncenter wp-image-624 size-full\" src=\"http:\/\/edafoeduca.es\/wp-content\/uploads\/2019\/05\/Erosion-Ciudad-Ciencia-e1556900248661.png\" alt=\"\" width=\"500\" height=\"702\" \/><\/a> <a href=\"http:\/\/www.secs.com.es\/wp-content\/uploads\/2017\/03\/EXPERIMENTOS-DID%C3%81CTICOS-CON-EL-SUELO-PARA-LA-EDUCACI%C3%93N-PRE-UNIVERSITARIA-web.pdf\"><img decoding=\"async\" loading=\"lazy\" class=\"aligncenter size-large wp-image-625\" src=\"http:\/\/edafoeduca.es\/wp-content\/uploads\/2019\/05\/Experimentos-David-Badia-erosion-erosi\u00f3n.png\" alt=\"\" width=\"608\" height=\"851\" srcset=\"https:\/\/edafoeduca.es\/wp-content\/uploads\/2019\/05\/Experimentos-David-Badia-erosion-erosi\u00f3n.png 608w, https:\/\/edafoeduca.es\/wp-content\/uploads\/2019\/05\/Experimentos-David-Badia-erosion-erosi\u00f3n-214x300.png 214w\" sizes=\"(max-width: 608px) 100vw, 608px\" \/><\/a><\/p>\n<div><a href=\"https:\/\/core.ac.uk\/download\/pdf\/39077801.pdf\"><strong><span style=\"color: #0000ff;\">Experiencia did\u00e1ctica para la materia de ciencias de la tierra y el medio ambiente: la erosi\u00f3n del suelo. Ense\u00f1anza de las Ciencias de la Tierra, 9.1, 63-69. 2001. Autores: Vila, R., Contreras, R., Fernandez, L., Roscales, J.L. y <\/span><\/strong><strong><span style=\"color: #0000ff;\">Santamaria, F.<\/span><\/strong><\/a><\/div>\n<div>\u00a0<\/div>\n<div><img decoding=\"async\" loading=\"lazy\" class=\"aligncenter size-full wp-image-917\" src=\"http:\/\/edafoeduca.es\/wp-content\/uploads\/2019\/12\/Experiencia-did\u00e1ctica-erosi\u00f3n-suelo-1.png\" alt=\"\" width=\"924\" height=\"197\" srcset=\"https:\/\/edafoeduca.es\/wp-content\/uploads\/2019\/12\/Experiencia-did\u00e1ctica-erosi\u00f3n-suelo-1.png 924w, https:\/\/edafoeduca.es\/wp-content\/uploads\/2019\/12\/Experiencia-did\u00e1ctica-erosi\u00f3n-suelo-1-300x64.png 300w, https:\/\/edafoeduca.es\/wp-content\/uploads\/2019\/12\/Experiencia-did\u00e1ctica-erosi\u00f3n-suelo-1-768x164.png 768w\" sizes=\"(max-width: 924px) 100vw, 924px\" \/><\/div>\n\n<div class=\"wp-block-image\">\n<figure class=\"aligncenter size-full\"><a href=\"https:\/\/www.ciudadciencia.es\/wp-content\/uploads\/2018\/12\/FICHA-1_COMPOSTAJE_CC.pdf\"><img decoding=\"async\" loading=\"lazy\" width=\"510\" height=\"714\" src=\"https:\/\/edafoeduca.es\/wp-content\/uploads\/2021\/12\/Compost-Huertos-Escolares-CSIC-Reborde.png\" alt=\"\" class=\"wp-image-1881\" srcset=\"https:\/\/edafoeduca.es\/wp-content\/uploads\/2021\/12\/Compost-Huertos-Escolares-CSIC-Reborde.png 510w, https:\/\/edafoeduca.es\/wp-content\/uploads\/2021\/12\/Compost-Huertos-Escolares-CSIC-Reborde-214x300.png 214w\" sizes=\"(max-width: 510px) 100vw, 510px\" \/><\/a><\/figure><\/div>\n\n\n<p><\/p>\n\n\n<div class=\"wp-block-image\">\n<figure class=\"aligncenter size-full\"><a href=\"https:\/\/www.ciudadciencia.es\/wp-content\/uploads\/2018\/12\/FICHA-3_LOS-MICROORGANISMOS-DEL-SUELO_CC.pdf\"><img decoding=\"async\" loading=\"lazy\" width=\"509\" height=\"721\" src=\"https:\/\/edafoeduca.es\/wp-content\/uploads\/2021\/12\/Microorganismos-Enmiendas-CSIC-Reborde.png\" alt=\"\" class=\"wp-image-1882\" srcset=\"https:\/\/edafoeduca.es\/wp-content\/uploads\/2021\/12\/Microorganismos-Enmiendas-CSIC-Reborde.png 509w, https:\/\/edafoeduca.es\/wp-content\/uploads\/2021\/12\/Microorganismos-Enmiendas-CSIC-Reborde-212x300.png 212w\" sizes=\"(max-width: 509px) 100vw, 509px\" \/><\/a><\/figure><\/div>\n\n\n<p><a href=\"https:\/\/youtu.be\/im4HVXMGI68\">Erosi\u00f3n del suelo<\/a> (en ingl\u00e9s con subt\u00edtulos en espa\u00f1ol)<\/p>\n","protected":false},"excerpt":{"rendered":"<p>A disfrutar \u2026. Soil Experiments for CHILDREN Esperimenti scientifici sul suolo per BAMBINI Salty experiments with soil for children and guide for teachers<\/p>\n","protected":false},"author":1,"featured_media":0,"parent":0,"menu_order":1,"comment_status":"closed","ping_status":"closed","template":"","meta":{"footnotes":""},"yoast_head":"<!-- This site is optimized with the Yoast SEO plugin v20.4 - https:\/\/yoast.com\/wordpress\/plugins\/seo\/ -->\n<title>Experimentos con suelo para escolares - Ense\u00f1anza en la Ciencia del Suelo<\/title>\n<meta name=\"robots\" content=\"index, follow, max-snippet:-1, max-image-preview:large, max-video-preview:-1\" \/>\n<link rel=\"canonical\" href=\"https:\/\/edafoeduca.es\/index.php\/experimentos-erosion\/\" \/>\n<meta property=\"og:locale\" content=\"es_ES\" \/>\n<meta property=\"og:type\" content=\"article\" \/>\n<meta property=\"og:title\" content=\"Experimentos con suelo para escolares - Ense\u00f1anza en la Ciencia del Suelo\" \/>\n<meta property=\"og:description\" content=\"A disfrutar \u2026. Soil Experiments for CHILDREN Esperimenti scientifici sul suolo per BAMBINI Salty experiments with soil for children and guide for teachers\" \/>\n<meta property=\"og:url\" content=\"https:\/\/edafoeduca.es\/index.php\/experimentos-erosion\/\" \/>\n<meta property=\"og:site_name\" content=\"Ense\u00f1anza en la Ciencia del Suelo\" \/>\n<meta property=\"article:modified_time\" content=\"2023-10-09T06:18:34+00:00\" \/>\n<meta property=\"og:image\" content=\"https:\/\/edafoeduca.es\/wp-content\/uploads\/2021\/12\/Experimentos-suelo-con-ninos-reborde.png\" \/>\n<meta name=\"twitter:card\" content=\"summary_large_image\" \/>\n<meta name=\"twitter:label1\" content=\"Tiempo de lectura\" \/>\n\t<meta name=\"twitter:data1\" content=\"3 minutos\" \/>\n<script type=\"application\/ld+json\" class=\"yoast-schema-graph\">{\"@context\":\"https:\/\/schema.org\",\"@graph\":[{\"@type\":\"WebPage\",\"@id\":\"https:\/\/edafoeduca.es\/index.php\/experimentos-erosion\/\",\"url\":\"https:\/\/edafoeduca.es\/index.php\/experimentos-erosion\/\",\"name\":\"Experimentos con suelo para escolares - Ense\u00f1anza en la Ciencia del Suelo\",\"isPartOf\":{\"@id\":\"https:\/\/edafoeduca.es\/#website\"},\"datePublished\":\"2019-05-03T15:36:18+00:00\",\"dateModified\":\"2023-10-09T06:18:34+00:00\",\"breadcrumb\":{\"@id\":\"https:\/\/edafoeduca.es\/index.php\/experimentos-erosion\/#breadcrumb\"},\"inLanguage\":\"es\",\"potentialAction\":[{\"@type\":\"ReadAction\",\"target\":[\"https:\/\/edafoeduca.es\/index.php\/experimentos-erosion\/\"]}]},{\"@type\":\"BreadcrumbList\",\"@id\":\"https:\/\/edafoeduca.es\/index.php\/experimentos-erosion\/#breadcrumb\",\"itemListElement\":[{\"@type\":\"ListItem\",\"position\":1,\"name\":\"Portada\",\"item\":\"https:\/\/edafoeduca.es\/\"},{\"@type\":\"ListItem\",\"position\":2,\"name\":\"Experimentos con suelo para escolares\"}]},{\"@type\":\"WebSite\",\"@id\":\"https:\/\/edafoeduca.es\/#website\",\"url\":\"https:\/\/edafoeduca.es\/\",\"name\":\"Ense\u00f1anza en la Ciencia del Suelo\",\"description\":\"Edafoeduca_SECS\",\"potentialAction\":[{\"@type\":\"SearchAction\",\"target\":{\"@type\":\"EntryPoint\",\"urlTemplate\":\"https:\/\/edafoeduca.es\/?s={search_term_string}\"},\"query-input\":\"required name=search_term_string\"}],\"inLanguage\":\"es\"}]}<\/script>\n<!-- \/ Yoast SEO plugin. -->","yoast_head_json":{"title":"Experimentos con suelo para escolares - Ense\u00f1anza en la Ciencia del Suelo","robots":{"index":"index","follow":"follow","max-snippet":"max-snippet:-1","max-image-preview":"max-image-preview:large","max-video-preview":"max-video-preview:-1"},"canonical":"https:\/\/edafoeduca.es\/index.php\/experimentos-erosion\/","og_locale":"es_ES","og_type":"article","og_title":"Experimentos con suelo para escolares - Ense\u00f1anza en la Ciencia del Suelo","og_description":"A disfrutar \u2026. Soil Experiments for CHILDREN Esperimenti scientifici sul suolo per BAMBINI Salty experiments with soil for children and guide for teachers","og_url":"https:\/\/edafoeduca.es\/index.php\/experimentos-erosion\/","og_site_name":"Ense\u00f1anza en la Ciencia del Suelo","article_modified_time":"2023-10-09T06:18:34+00:00","og_image":[{"url":"https:\/\/edafoeduca.es\/wp-content\/uploads\/2021\/12\/Experimentos-suelo-con-ninos-reborde.png"}],"twitter_card":"summary_large_image","twitter_misc":{"Tiempo de lectura":"3 minutos"},"schema":{"@context":"https:\/\/schema.org","@graph":[{"@type":"WebPage","@id":"https:\/\/edafoeduca.es\/index.php\/experimentos-erosion\/","url":"https:\/\/edafoeduca.es\/index.php\/experimentos-erosion\/","name":"Experimentos con suelo para escolares - Ense\u00f1anza en la Ciencia del Suelo","isPartOf":{"@id":"https:\/\/edafoeduca.es\/#website"},"datePublished":"2019-05-03T15:36:18+00:00","dateModified":"2023-10-09T06:18:34+00:00","breadcrumb":{"@id":"https:\/\/edafoeduca.es\/index.php\/experimentos-erosion\/#breadcrumb"},"inLanguage":"es","potentialAction":[{"@type":"ReadAction","target":["https:\/\/edafoeduca.es\/index.php\/experimentos-erosion\/"]}]},{"@type":"BreadcrumbList","@id":"https:\/\/edafoeduca.es\/index.php\/experimentos-erosion\/#breadcrumb","itemListElement":[{"@type":"ListItem","position":1,"name":"Portada","item":"https:\/\/edafoeduca.es\/"},{"@type":"ListItem","position":2,"name":"Experimentos con suelo para escolares"}]},{"@type":"WebSite","@id":"https:\/\/edafoeduca.es\/#website","url":"https:\/\/edafoeduca.es\/","name":"Ense\u00f1anza en la Ciencia del Suelo","description":"Edafoeduca_SECS","potentialAction":[{"@type":"SearchAction","target":{"@type":"EntryPoint","urlTemplate":"https:\/\/edafoeduca.es\/?s={search_term_string}"},"query-input":"required name=search_term_string"}],"inLanguage":"es"}]}},"_links":{"self":[{"href":"https:\/\/edafoeduca.es\/index.php\/wp-json\/wp\/v2\/pages\/608"}],"collection":[{"href":"https:\/\/edafoeduca.es\/index.php\/wp-json\/wp\/v2\/pages"}],"about":[{"href":"https:\/\/edafoeduca.es\/index.php\/wp-json\/wp\/v2\/types\/page"}],"author":[{"embeddable":true,"href":"https:\/\/edafoeduca.es\/index.php\/wp-json\/wp\/v2\/users\/1"}],"replies":[{"embeddable":true,"href":"https:\/\/edafoeduca.es\/index.php\/wp-json\/wp\/v2\/comments?post=608"}],"version-history":[{"count":24,"href":"https:\/\/edafoeduca.es\/index.php\/wp-json\/wp\/v2\/pages\/608\/revisions"}],"predecessor-version":[{"id":2025,"href":"https:\/\/edafoeduca.es\/index.php\/wp-json\/wp\/v2\/pages\/608\/revisions\/2025"}],"wp:attachment":[{"href":"https:\/\/edafoeduca.es\/index.php\/wp-json\/wp\/v2\/media?parent=608"}],"curies":[{"name":"wp","href":"https:\/\/api.w.org\/{rel}","templated":true}]}}