{"id":611,"date":"2019-05-03T17:43:38","date_gmt":"2019-05-03T15:43:38","guid":{"rendered":"http:\/\/edafoeduca.es\/?page_id=611"},"modified":"2023-04-01T19:52:45","modified_gmt":"2023-04-01T17:52:45","slug":"actividades-realizadas","status":"publish","type":"page","link":"https:\/\/edafoeduca.es\/index.php\/actividades-realizadas\/","title":{"rendered":"Actividades realizadas"},"content":{"rendered":"\n<p><a href=\"http:\/\/edafoeduca.es\/index.php\/concurso-de-dibujo-escolar-el-suelo-y-los-alimentos\/\">Concurso de dibujo escolar \u00abEl suelo y los alimentos\u00bb 2021<\/a><\/p>\n\n\n\n<p><a href=\"http:\/\/edafoeduca.es\/wp-content\/uploads\/2021\/04\/Jornada-Manejo-Prop-Biologicas-Suelo-29-Abril-2021-1.pdf\">Jornada Efecto del manejo del suelo sobre las propiedades biol\u00f3gicas del suelo<br>y la biodiversidad ed\u00e1fica<img decoding=\"async\" class=\"wp-image-1437\" style=\"width: NaNpx;\" src=\"http:\/\/edafoeduca.es\/wp-content\/uploads\/2021\/04\/Jornada-Manejo-Prop-Biologicas-Suelo-29-Abril-2021.pdf\" alt=\"\"> (Abril 2021)<\/a><\/p>\n\n\n\n<p><a href=\"http:\/\/edafoeduca.es\/index.php\/conferencias-2020\/\">Conferencias 2020<\/a><\/p>\n\n\n\n<p><a href=\"http:\/\/edafoeduca.es\/index.php\/jornada-de-exposicion-de-instrumentos-y-metodos-de-medida-de-erosion\/\">Jornada de exposici\u00f3n de instrumentos y m\u00e9todos de medida de erosi\u00f3n (Febrero 2020)<\/a><\/p>\n\n\n\n<p><a href=\"http:\/\/edafoeduca.es\/index.php\/concurso-desafio-detener-la-erosion-del-suelo\/\">Concurso de dibujo escolar \u00abDesaf\u00edo detener la erosi\u00f3n del suelo\u00bb 2019<\/a><\/p>\n\n\n\n<p><a href=\"http:\/\/edafoeduca.es\/index.php\/celebracion-dia-mundial-del-suelo-2019\/\">Celebraci\u00f3n D\u00eda Mundial del Suelo (Diciembre 2019)<\/a><\/p>\n\n\n\n<p><a href=\"http:\/\/edafoeduca.es\/index.php\/breakout-educativo-la-ensenanza-la-edafologia\/\">\u00abBreakout\u00bb educativo para la ense\u00f1anza de la Edafolog\u00eda<\/a><\/p>\n\n\n\n<p><a href=\"http:\/\/edafoeduca.es\/index.php\/salida-campo-estudiar-la-erosion-del-suelo-dones\/\">Salida de campo para estudiar la erosi\u00f3n del suelo con drones (Octubre 2019)<\/a><\/p>\n\n\n\n<p><a href=\"http:\/\/edafoeduca.es\/index.php\/actividades\/\">Ciclo seminarios suelo-clima<\/a><\/p>\n\n\n\n<p><a href=\"http:\/\/edafoeduca.es\/index.php\/concurso-dibujo-stopsoilpollution\/\">Concurso de dibujo escolar \u00abDesaf\u00edo suelos limpios\u00bb-\u00abChallenge clean soils\u00bb 2018<\/a><\/p>\n\n\n\n<p><a href=\"http:\/\/edafoeduca.es\/index.php\/taller-monolitos\/\">Taller monolitos Universitarios<\/a><\/p>\n\n\n\n<p><a href=\"http:\/\/edafoeduca.es\/index.php\/i-concurso-edafo-videos\/\">I Concurso Edafo Videos (2018)<\/a><\/p>\n\n\n\n<p><a href=\"http:\/\/edafoeduca.es\/index.php\/be-the-solution-to-soil-pollution\/\">Concienciaci\u00f3n sobre el grave problema de la contaminaci\u00f3n de los suelos.&nbsp;Se la soluci\u00f3n a la contaminaci\u00f3n del suelo!<\/a><\/p>\n\n\n\n<p><\/p>\n","protected":false},"excerpt":{"rendered":"<p>Concurso de dibujo escolar \u00abEl suelo y los alimentos\u00bb 2021 Jornada Efecto del manejo del suelo sobre las propiedades biol\u00f3gicas del sueloy la biodiversidad ed\u00e1fica (Abril 2021) Conferencias 2020 Jornada de exposici\u00f3n de instrumentos y m\u00e9todos de medida de erosi\u00f3n &hellip; <a href=\"https:\/\/edafoeduca.es\/index.php\/actividades-realizadas\/\">Sigue leyendo <span class=\"meta-nav\">&rarr;<\/span><\/a><\/p>\n","protected":false},"author":1,"featured_media":0,"parent":0,"menu_order":0,"comment_status":"closed","ping_status":"closed","template":"","meta":{"footnotes":""},"yoast_head":"<!-- This site is optimized with the Yoast SEO plugin v20.4 - https:\/\/yoast.com\/wordpress\/plugins\/seo\/ -->\n<title>Actividades realizadas - Ense\u00f1anza en la Ciencia del Suelo<\/title>\n<meta name=\"robots\" content=\"index, follow, max-snippet:-1, max-image-preview:large, max-video-preview:-1\" \/>\n<link rel=\"canonical\" href=\"https:\/\/edafoeduca.es\/index.php\/actividades-realizadas\/\" \/>\n<meta property=\"og:locale\" content=\"es_ES\" \/>\n<meta property=\"og:type\" content=\"article\" \/>\n<meta property=\"og:title\" content=\"Actividades realizadas - Ense\u00f1anza en la Ciencia del Suelo\" \/>\n<meta property=\"og:description\" content=\"Concurso de dibujo escolar \u00abEl suelo y los alimentos\u00bb 2021 Jornada Efecto del manejo del suelo sobre las propiedades biol\u00f3gicas del sueloy la biodiversidad ed\u00e1fica (Abril 2021) Conferencias 2020 Jornada de exposici\u00f3n de instrumentos y m\u00e9todos de medida de erosi\u00f3n &hellip; Sigue leyendo &rarr;\" \/>\n<meta property=\"og:url\" content=\"https:\/\/edafoeduca.es\/index.php\/actividades-realizadas\/\" \/>\n<meta property=\"og:site_name\" content=\"Ense\u00f1anza en la Ciencia del Suelo\" \/>\n<meta property=\"article:modified_time\" content=\"2023-04-01T17:52:45+00:00\" \/>\n<meta property=\"og:image\" content=\"http:\/\/edafoeduca.es\/wp-content\/uploads\/2021\/04\/Jornada-Manejo-Prop-Biologicas-Suelo-29-Abril-2021.pdf\" \/>\n<meta name=\"twitter:card\" content=\"summary_large_image\" \/>\n<meta name=\"twitter:label1\" content=\"Tiempo de lectura\" \/>\n\t<meta name=\"twitter:data1\" content=\"1 minuto\" \/>\n<script type=\"application\/ld+json\" class=\"yoast-schema-graph\">{\"@context\":\"https:\/\/schema.org\",\"@graph\":[{\"@type\":\"WebPage\",\"@id\":\"https:\/\/edafoeduca.es\/index.php\/actividades-realizadas\/\",\"url\":\"https:\/\/edafoeduca.es\/index.php\/actividades-realizadas\/\",\"name\":\"Actividades realizadas - Ense\u00f1anza en la Ciencia del Suelo\",\"isPartOf\":{\"@id\":\"https:\/\/edafoeduca.es\/#website\"},\"datePublished\":\"2019-05-03T15:43:38+00:00\",\"dateModified\":\"2023-04-01T17:52:45+00:00\",\"breadcrumb\":{\"@id\":\"https:\/\/edafoeduca.es\/index.php\/actividades-realizadas\/#breadcrumb\"},\"inLanguage\":\"es\",\"potentialAction\":[{\"@type\":\"ReadAction\",\"target\":[\"https:\/\/edafoeduca.es\/index.php\/actividades-realizadas\/\"]}]},{\"@type\":\"BreadcrumbList\",\"@id\":\"https:\/\/edafoeduca.es\/index.php\/actividades-realizadas\/#breadcrumb\",\"itemListElement\":[{\"@type\":\"ListItem\",\"position\":1,\"name\":\"Portada\",\"item\":\"https:\/\/edafoeduca.es\/\"},{\"@type\":\"ListItem\",\"position\":2,\"name\":\"Actividades realizadas\"}]},{\"@type\":\"WebSite\",\"@id\":\"https:\/\/edafoeduca.es\/#website\",\"url\":\"https:\/\/edafoeduca.es\/\",\"name\":\"Ense\u00f1anza en la Ciencia del Suelo\",\"description\":\"Edafoeduca_SECS\",\"potentialAction\":[{\"@type\":\"SearchAction\",\"target\":{\"@type\":\"EntryPoint\",\"urlTemplate\":\"https:\/\/edafoeduca.es\/?s={search_term_string}\"},\"query-input\":\"required name=search_term_string\"}],\"inLanguage\":\"es\"}]}<\/script>\n<!-- \/ Yoast SEO plugin. -->","yoast_head_json":{"title":"Actividades realizadas - Ense\u00f1anza en la Ciencia del Suelo","robots":{"index":"index","follow":"follow","max-snippet":"max-snippet:-1","max-image-preview":"max-image-preview:large","max-video-preview":"max-video-preview:-1"},"canonical":"https:\/\/edafoeduca.es\/index.php\/actividades-realizadas\/","og_locale":"es_ES","og_type":"article","og_title":"Actividades realizadas - Ense\u00f1anza en la Ciencia del Suelo","og_description":"Concurso de dibujo escolar \u00abEl suelo y los alimentos\u00bb 2021 Jornada Efecto del manejo del suelo sobre las propiedades biol\u00f3gicas del sueloy la biodiversidad ed\u00e1fica (Abril 2021) Conferencias 2020 Jornada de exposici\u00f3n de instrumentos y m\u00e9todos de medida de erosi\u00f3n &hellip; Sigue leyendo &rarr;","og_url":"https:\/\/edafoeduca.es\/index.php\/actividades-realizadas\/","og_site_name":"Ense\u00f1anza en la Ciencia del Suelo","article_modified_time":"2023-04-01T17:52:45+00:00","og_image":[{"url":"http:\/\/edafoeduca.es\/wp-content\/uploads\/2021\/04\/Jornada-Manejo-Prop-Biologicas-Suelo-29-Abril-2021.pdf"}],"twitter_card":"summary_large_image","twitter_misc":{"Tiempo de lectura":"1 minuto"},"schema":{"@context":"https:\/\/schema.org","@graph":[{"@type":"WebPage","@id":"https:\/\/edafoeduca.es\/index.php\/actividades-realizadas\/","url":"https:\/\/edafoeduca.es\/index.php\/actividades-realizadas\/","name":"Actividades realizadas - Ense\u00f1anza en la Ciencia del Suelo","isPartOf":{"@id":"https:\/\/edafoeduca.es\/#website"},"datePublished":"2019-05-03T15:43:38+00:00","dateModified":"2023-04-01T17:52:45+00:00","breadcrumb":{"@id":"https:\/\/edafoeduca.es\/index.php\/actividades-realizadas\/#breadcrumb"},"inLanguage":"es","potentialAction":[{"@type":"ReadAction","target":["https:\/\/edafoeduca.es\/index.php\/actividades-realizadas\/"]}]},{"@type":"BreadcrumbList","@id":"https:\/\/edafoeduca.es\/index.php\/actividades-realizadas\/#breadcrumb","itemListElement":[{"@type":"ListItem","position":1,"name":"Portada","item":"https:\/\/edafoeduca.es\/"},{"@type":"ListItem","position":2,"name":"Actividades realizadas"}]},{"@type":"WebSite","@id":"https:\/\/edafoeduca.es\/#website","url":"https:\/\/edafoeduca.es\/","name":"Ense\u00f1anza en la Ciencia del Suelo","description":"Edafoeduca_SECS","potentialAction":[{"@type":"SearchAction","target":{"@type":"EntryPoint","urlTemplate":"https:\/\/edafoeduca.es\/?s={search_term_string}"},"query-input":"required name=search_term_string"}],"inLanguage":"es"}]}},"_links":{"self":[{"href":"https:\/\/edafoeduca.es\/index.php\/wp-json\/wp\/v2\/pages\/611"}],"collection":[{"href":"https:\/\/edafoeduca.es\/index.php\/wp-json\/wp\/v2\/pages"}],"about":[{"href":"https:\/\/edafoeduca.es\/index.php\/wp-json\/wp\/v2\/types\/page"}],"author":[{"embeddable":true,"href":"https:\/\/edafoeduca.es\/index.php\/wp-json\/wp\/v2\/users\/1"}],"replies":[{"embeddable":true,"href":"https:\/\/edafoeduca.es\/index.php\/wp-json\/wp\/v2\/comments?post=611"}],"version-history":[{"count":20,"href":"https:\/\/edafoeduca.es\/index.php\/wp-json\/wp\/v2\/pages\/611\/revisions"}],"predecessor-version":[{"id":1944,"href":"https:\/\/edafoeduca.es\/index.php\/wp-json\/wp\/v2\/pages\/611\/revisions\/1944"}],"wp:attachment":[{"href":"https:\/\/edafoeduca.es\/index.php\/wp-json\/wp\/v2\/media?parent=611"}],"curies":[{"name":"wp","href":"https:\/\/api.w.org\/{rel}","templated":true}]}}